Last updated on 2023-02-02 06:03:22 CET.
Flavor | Version | Tinstall | Tcheck | Ttotal | Status | Flags |
---|---|---|---|---|---|---|
r-devel-linux-x86_64-debian-clang | 0.0.5 | 59.36 | 40.25 | 99.61 | NOTE | |
r-devel-linux-x86_64-debian-gcc | 0.0.5 | 46.45 | 33.84 | 80.29 | NOTE | |
r-devel-linux-x86_64-fedora-clang | 0.0.5 | 137.22 | NOTE | |||
r-devel-linux-x86_64-fedora-gcc | 0.0.5 | 122.37 | NOTE | |||
r-patched-linux-x86_64 | 0.0.5 | 55.96 | 40.67 | 96.63 | OK | |
r-release-linux-x86_64 | 0.0.5 | 49.08 | 41.98 | 91.06 | OK | |
r-release-macos-arm64 | 0.0.5 | 43.00 | NOTE | |||
r-release-macos-x86_64 | 0.0.5 | 51.00 | NOTE | |||
r-release-windows-x86_64 | 0.0.5 | 48.00 | 96.00 | 144.00 | OK | |
r-oldrel-macos-arm64 | 0.0.5 | 48.00 | NOTE | |||
r-oldrel-macos-x86_64 | 0.0.5 | 71.00 | NOTE | |||
r-oldrel-windows-ix86+x86_64 | 0.0.5 | 117.00 | 90.00 | 207.00 | OK |
Version: 0.0.5
Check: C++ specification
Result: NOTE
Specified C++11: please update to current default of C++17
Flavors: r-devel-linux-x86_64-debian-clang, r-devel-linux-x86_64-debian-gcc, r-devel-linux-x86_64-fedora-clang, r-devel-linux-x86_64-fedora-gcc
Version: 0.0.5
Check: installed package size
Result: NOTE
installed size is 19.6Mb
sub-directories of 1Mb or more:
libs 18.8Mb
Flavors: r-release-macos-arm64, r-release-macos-x86_64, r-oldrel-macos-arm64, r-oldrel-macos-x86_64