CRAN Package Check Results for Package DiceOptim

Last updated on 2019-07-16 05:48:10 CEST.

Flavor Version Tinstall Tcheck Ttotal Status Flags
r-devel-linux-x86_64-debian-clang 2.0 9.48 58.74 68.22 OK
r-devel-linux-x86_64-debian-gcc 2.0 6.26 46.16 52.42 OK
r-devel-linux-x86_64-fedora-clang 2.0 79.88 NOTE
r-devel-linux-x86_64-fedora-gcc 2.0 77.07 NOTE
r-devel-windows-ix86+x86_64 2.0 28.00 94.00 122.00 OK
r-patched-linux-x86_64 2.0 8.55 61.82 70.37 OK
r-patched-solaris-x86 2.0 106.40 OK
r-release-linux-x86_64 2.0 9.19 60.72 69.91 OK
r-release-windows-ix86+x86_64 2.0 29.00 97.00 126.00 OK
r-release-osx-x86_64 2.0 OK
r-oldrel-windows-ix86+x86_64 2.0 18.00 90.00 108.00 OK
r-oldrel-osx-x86_64 2.0 OK

Check Details

Version: 2.0
Check: compiled code
Result: NOTE
    File ‘DiceOptim/libs/DiceOptim.so’:
     Found no calls to: ‘R_registerRoutines’, ‘R_useDynamicSymbols’
    
    It is good practice to register native routines and to disable symbol
    search.
    
    See ‘Writing portable packages’ in the ‘Writing R Extensions’ manual.
Flavors: r-devel-linux-x86_64-fedora-clang, r-devel-linux-x86_64-fedora-gcc