CRAN Package Check Results for Package DiffusionRimp

Last updated on 2021-01-22 05:50:26 CET.

Flavor Version Tinstall Tcheck Ttotal Status Flags
r-devel-linux-x86_64-debian-clang 0.1.2 38.16 63.09 101.25 OK
r-devel-linux-x86_64-debian-gcc 0.1.2 23.38 48.31 71.69 OK
r-devel-linux-x86_64-fedora-clang 0.1.2 132.84 NOTE
r-devel-linux-x86_64-fedora-gcc 0.1.2 121.36 NOTE
r-devel-windows-ix86+x86_64 0.1.2 80.00 109.00 189.00 OK
r-patched-linux-x86_64 0.1.2 30.03 59.04 89.07 OK
r-patched-solaris-x86 0.1.2 142.10 OK
r-release-linux-x86_64 0.1.2 29.10 58.92 88.02 OK
r-release-macos-x86_64 0.1.2 OK
r-release-windows-ix86+x86_64 0.1.2 88.00 88.00 176.00 OK
r-oldrel-macos-x86_64 0.1.2 WARN
r-oldrel-windows-ix86+x86_64 0.1.2 53.00 74.00 127.00 OK

Check Details

Version: 0.1.2
Check: compiled code
Result: NOTE
    File ‘DiffusionRimp/libs/DiffusionRimp.so’:
     Found no calls to: ‘R_registerRoutines’, ‘R_useDynamicSymbols’
    
    It is good practice to register native routines and to disable symbol
    search.
    
    See ‘Writing portable packages’ in the ‘Writing R Extensions’ manual.
Flavors: r-devel-linux-x86_64-fedora-clang, r-devel-linux-x86_64-fedora-gcc

Version: 0.1.2
Check: whether package can be installed
Result: WARN
    Found the following significant warnings:
     Warning: 'rgl_init' failed, running with rgl.useNULL = TRUE
Flavor: r-oldrel-macos-x86_64