CRAN Package Check Results for Package DrImpute

Last updated on 2024-06-18 05:57:35 CEST.

Flavor Version Tinstall Tcheck Ttotal Status Flags
r-devel-linux-x86_64-debian-clang 1.0 34.92 61.57 96.49 OK
r-devel-linux-x86_64-debian-gcc 1.0 20.17 48.52 68.69 OK
r-devel-linux-x86_64-fedora-clang 1.0 130.84 OK
r-devel-linux-x86_64-fedora-gcc 1.0 143.32 OK
r-devel-windows-x86_64 1.0 29.00 92.00 121.00 OK
r-patched-linux-x86_64 1.0 23.34 62.37 85.71 OK
r-release-linux-x86_64 1.0 27.85 60.51 88.36 OK
r-release-macos-arm64 1.0 44.00 OK
r-release-macos-x86_64 1.0 67.00 OK
r-release-windows-x86_64 1.0 27.00 27.00 54.00 FAIL
r-oldrel-macos-arm64 1.0 49.00 OK
r-oldrel-macos-x86_64 1.0 81.00 OK
r-oldrel-windows-x86_64 1.0 32.00 105.00 137.00 OK

Check Details

Version: 1.0
Check: S3 generic/method consistency
Result: WARN Fatal error: couldn't allocate node stack See section 'Generic functions and methods' in the 'Writing R Extensions' manual. Flavor: r-release-windows-x86_64

Version: 1.0
Check: R code for possible problems
Result: ERROR Incorrect (un)loading of package shared object. Fatal error: couldn't allocate node stack The system-specific extension for shared objects must not be added. See ?library.dynam. [3s] OK Flavor: r-release-windows-x86_64

Version: 1.0
Check: contents of ‘data’ directory
Result: WARN Output for data("exdata", package = "DrImpute"): Error in load(file, envir = tmp_env) : no input is available Calls: <Anonymous> ... suppressMessages -> withCallingHandlers -> <Anonymous> -> load Execution halted Flavor: r-release-windows-x86_64

Version: 1.0
Check: data for ASCII and uncompressed saves
Result: FAIL
Flavor: r-release-windows-x86_64