CRAN Package Check Results for Package DramaAnalysis

Last updated on 2024-06-21 06:58:12 CEST.

Flavor Version Tinstall Tcheck Ttotal Status Flags
r-devel-linux-x86_64-debian-clang 3.0.2 10.65 84.06 94.71 OK
r-devel-linux-x86_64-debian-gcc 3.0.2 8.10 75.57 83.67 OK
r-devel-linux-x86_64-fedora-clang 3.0.2 129.60 OK
r-devel-linux-x86_64-fedora-gcc 3.0.2 115.72 OK
r-devel-windows-x86_64 3.0.2 10.00 85.00 95.00 OK
r-patched-linux-x86_64 3.0.2 8.40 93.36 101.76 OK
r-release-linux-x86_64 3.0.2 7.30 88.75 96.05 OK
r-release-macos-arm64 3.0.2 35.00 OK
r-release-macos-x86_64 3.0.2 59.00 OK
r-release-windows-x86_64 3.0.2 11.00 84.00 95.00 WARN
r-oldrel-macos-arm64 3.0.2 36.00 OK
r-oldrel-macos-x86_64 3.0.2 60.00 OK
r-oldrel-windows-x86_64 3.0.2 13.00 102.00 115.00 OK

Check Details

Version: 3.0.2
Check: whether the package can be unloaded cleanly
Result: WARN Mingw-w64 runtime failure: VirtualProtect failed with code 0x5af Flavor: r-release-windows-x86_64

Version: 3.0.2
Check: whether the namespace can be loaded with stated dependencies
Result: WARN Error: cannot allocate vector of size 2.2 Mb Execution halted A namespace must be able to be loaded with just the base namespace loaded: otherwise if the namespace gets loaded by a saved object, the session will be unable to start. Probably some imports need to be declared in the NAMESPACE file. Flavor: r-release-windows-x86_64

Version: 3.0.2
Check: dependencies in R code
Result: NOTE Error: unable to load shared object 'D:/RCompile/CRANpkg/lib/4.4/vctrs/libs/x64/vctrs.dll': LoadLibrary failure: Die Auslagerungsdatei ist zu klein, um diesen Vorgang durchzuf├╝hren. Call sequence: 12: inDL(x, as.logical(local), as.logical(now), ...) 11: dyn.load(file, DLLpath = DLLpath, ...) 10: library.dynam(lib, package, package.lib) 9: loadNamespace(i, c(lib.loc, .libPaths()), versionCheck = vI[[i]]) 8: namespaceImport(ns, loadNamespace(i, c(lib.loc, .libPaths()), versionCheck = vI[[i]]), from = package) 7: loadNamespace(j <- i[[1L]], c(lib.loc, .libPaths()), versionCheck = vI[[j]]) 6: asNamespace(ns) 5: namespaceImportFrom(ns, loadNamespace(j <- i[[1L]], c(lib.loc, .libPaths()), versionCheck = vI[[j]]), i[[2L]], from = package) 4: loadNamespace(j <- i[[1L]], c(lib.loc, .libPaths()), versionCheck = vI[[j]]) 3: asNamespace(ns) 2: namespaceImportFrom(ns, loadNamespace(j <- i[[1L]], c(lib.loc, .libPaths()), versionCheck = vI[[j]]), i[[2L]], from = package) Execution halted Flavor: r-release-windows-x86_64