CRAN Package Check Results for Package DstarM

Last updated on 2021-01-19 05:47:59 CET.

Flavor Version Tinstall Tcheck Ttotal Status Flags
r-devel-linux-x86_64-debian-clang 0.4.0 45.15 87.61 132.76 OK
r-devel-linux-x86_64-debian-gcc 0.4.0 30.74 67.74 98.48 OK
r-devel-linux-x86_64-fedora-clang 0.4.0 177.48 NOTE
r-devel-linux-x86_64-fedora-gcc 0.4.0 168.41 NOTE
r-devel-windows-ix86+x86_64 0.4.0 72.00 127.00 199.00 OK
r-patched-linux-x86_64 0.4.0 37.59 80.91 118.50 OK
r-patched-solaris-x86 0.4.0 198.00 NOTE
r-release-linux-x86_64 0.4.0 36.66 80.96 117.62 OK
r-release-macos-x86_64 0.4.0 NOTE
r-release-windows-ix86+x86_64 0.4.0 79.00 139.00 218.00 OK
r-oldrel-macos-x86_64 0.4.0 NOTE
r-oldrel-windows-ix86+x86_64 0.4.0 71.00 112.00 183.00 OK

Check Details

Version: 0.4.0
Check: dependencies in R code
Result: NOTE
    Namespace in Imports field not imported from: ‘Rcpp’
     All declared Imports should be used.
Flavors: r-devel-linux-x86_64-fedora-clang, r-devel-linux-x86_64-fedora-gcc, r-patched-solaris-x86, r-release-macos-x86_64, r-oldrel-macos-x86_64