Last updated on 2023-02-02 06:03:23 CET.
Flavor | Version | Tinstall | Tcheck | Ttotal | Status | Flags |
---|---|---|---|---|---|---|
r-devel-linux-x86_64-debian-clang | 1.0 | 333.94 | 131.90 | 465.84 | NOTE | |
r-devel-linux-x86_64-debian-gcc | 1.0 | 258.26 | 106.84 | 365.10 | NOTE | |
r-devel-linux-x86_64-fedora-clang | 1.0 | 761.23 | NOTE | |||
r-devel-linux-x86_64-fedora-gcc | 1.0 | 609.61 | NOTE | |||
r-devel-windows-x86_64 | 1.0 | 263.00 | 206.00 | 469.00 | NOTE | |
r-patched-linux-x86_64 | 1.0 | 278.66 | 132.86 | 411.52 | OK | |
r-release-linux-x86_64 | 1.0 | 279.15 | 138.42 | 417.57 | OK | |
r-release-macos-arm64 | 1.0 | 144.00 | NOTE | |||
r-release-macos-x86_64 | 1.0 | 201.00 | NOTE | |||
r-release-windows-x86_64 | 1.0 | 258.00 | 207.00 | 465.00 | NOTE | |
r-oldrel-macos-arm64 | 1.0 | 144.00 | NOTE | |||
r-oldrel-macos-x86_64 | 1.0 | 201.00 | NOTE | |||
r-oldrel-windows-ix86+x86_64 | 1.0 | 799.00 | 240.00 | 1039.00 | NOTE |
Version: 1.0
Check: C++ specification
Result: NOTE
Specified C++11: please update to current default of C++17
Flavors: r-devel-linux-x86_64-debian-clang, r-devel-linux-x86_64-debian-gcc, r-devel-linux-x86_64-fedora-clang, r-devel-linux-x86_64-fedora-gcc, r-devel-windows-x86_64
Version: 1.0
Check: installed package size
Result: NOTE
installed size is 5.4Mb
sub-directories of 1Mb or more:
data 3.1Mb
libs 1.8Mb
Flavors: r-devel-windows-x86_64, r-release-macos-arm64, r-release-macos-x86_64, r-release-windows-x86_64, r-oldrel-macos-arm64, r-oldrel-macos-x86_64, r-oldrel-windows-ix86+x86_64