CRAN Package Check Results for Package EBEN

Last updated on 2021-10-21 05:50:56 CEST.

Flavor Version Tinstall Tcheck Ttotal Status Flags
r-devel-linux-x86_64-debian-clang 4.6 8.08 28.73 36.81 OK
r-devel-linux-x86_64-debian-gcc 4.6 6.10 22.88 28.98 OK
r-devel-linux-x86_64-fedora-clang 4.6 57.22 NOTE
r-devel-linux-x86_64-fedora-gcc 4.6 45.32 NOTE
r-devel-windows-x86_64 4.6 11.00 45.00 56.00 OK
r-devel-windows-x86_64-gcc10-UCRT 4.6 OK
r-patched-linux-x86_64 4.6 6.86 28.53 35.39 OK
r-patched-solaris-x86 4.6 75.20 OK
r-release-linux-x86_64 4.6 7.08 28.32 35.40 OK
r-release-macos-arm64 4.6 OK
r-release-macos-x86_64 4.6 OK
r-release-windows-ix86+x86_64 4.6 22.00 58.00 80.00 OK
r-oldrel-macos-x86_64 4.6 OK
r-oldrel-windows-ix86+x86_64 4.6 16.00 58.00 74.00 OK

Check Details

Version: 4.6
Check: compiled code
Result: NOTE
    File ‘EBEN/libs/EBEN.so’:
     Found no calls to: ‘R_registerRoutines’, ‘R_useDynamicSymbols’
    
    It is good practice to register native routines and to disable symbol
    search.
    
    See ‘Writing portable packages’ in the ‘Writing R Extensions’ manual.
Flavors: r-devel-linux-x86_64-fedora-clang, r-devel-linux-x86_64-fedora-gcc