CRAN Package Check Results for Package EBMAforecast

Last updated on 2022-01-22 05:10:15 CET.

Flavor Version Tinstall Tcheck Ttotal Status Flags
r-devel-linux-x86_64-debian-clang 1.0.2 33.66 112.24 145.90 OK
r-devel-linux-x86_64-debian-gcc 1.0.2 24.70 84.54 109.24 OK
r-devel-linux-x86_64-fedora-clang 1.0.2 187.64 NOTE
r-devel-linux-x86_64-fedora-gcc 1.0.2 167.16 NOTE
r-devel-windows-x86_64-new-UL 1.0.2 106.00 159.00 265.00 OK
r-devel-windows-x86_64-new-TK 1.0.2 NOTE
r-patched-linux-x86_64 1.0.2 26.52 106.13 132.65 OK
r-release-linux-x86_64 1.0.2 23.95 107.47 131.42 OK
r-release-macos-arm64 1.0.2 NOTE
r-release-macos-x86_64 1.0.2 NOTE
r-release-windows-ix86+x86_64 1.0.2 83.00 172.00 255.00 OK
r-oldrel-macos-x86_64 1.0.2 NOTE
r-oldrel-windows-ix86+x86_64 1.0.2 81.00 179.00 260.00 OK

Check Details

Version: 1.0.2
Check: dependencies in R code
Result: NOTE
    Namespaces in Imports field not imported from:
     ‘gtools’ ‘separationplot’
     All declared Imports should be used.
Flavors: r-devel-linux-x86_64-fedora-clang, r-devel-linux-x86_64-fedora-gcc, r-devel-windows-x86_64-new-TK, r-release-macos-arm64, r-release-macos-x86_64, r-oldrel-macos-x86_64