CRAN Package Check Results for Package ECharts2Shiny

Last updated on 2022-01-24 05:51:47 CET.

Flavor Version Tinstall Tcheck Ttotal Status Flags
r-devel-linux-x86_64-debian-clang 0.2.13 3.64 45.46 49.10 NOTE
r-devel-linux-x86_64-debian-gcc 0.2.13 3.48 36.21 39.69 NOTE
r-devel-linux-x86_64-fedora-clang 0.2.13 63.12 NOTE
r-devel-linux-x86_64-fedora-gcc 0.2.13 51.07 NOTE
r-devel-windows-x86_64-new-UL 0.2.13 33.00 75.00 108.00 NOTE
r-devel-windows-x86_64-new-TK 0.2.13 NOTE
r-patched-linux-x86_64 0.2.13 3.50 44.65 48.15 NOTE
r-release-linux-x86_64 0.2.13 2.81 44.30 47.11 NOTE
r-release-macos-arm64 0.2.13 NOTE
r-release-macos-x86_64 0.2.13 NOTE
r-release-windows-ix86+x86_64 0.2.13 10.00 58.00 68.00 NOTE
r-oldrel-macos-x86_64 0.2.13 OK
r-oldrel-windows-ix86+x86_64 0.2.13 10.00 60.00 70.00 OK

Check Details

Version: 0.2.13
Check: LazyData
Result: NOTE
     'LazyData' is specified without a 'data' directory
Flavors: r-devel-linux-x86_64-debian-clang, r-devel-linux-x86_64-debian-gcc, r-devel-linux-x86_64-fedora-clang, r-devel-linux-x86_64-fedora-gcc, r-devel-windows-x86_64-new-UL, r-devel-windows-x86_64-new-TK, r-patched-linux-x86_64, r-release-linux-x86_64, r-release-macos-arm64, r-release-macos-x86_64, r-release-windows-ix86+x86_64