CRAN Package Check Results for Package EDMeasure

Last updated on 2022-01-26 05:54:13 CET.

Flavor Version Tinstall Tcheck Ttotal Status Flags
r-devel-linux-x86_64-debian-clang 1.2.0 6.91 47.45 54.36 NOTE
r-devel-linux-x86_64-debian-gcc 1.2.0 5.66 36.27 41.93 NOTE
r-devel-linux-x86_64-fedora-clang 1.2.0 70.00 NOTE
r-devel-linux-x86_64-fedora-gcc 1.2.0 57.61 NOTE
r-devel-windows-x86_64-new-UL 1.2.0 43.00 71.00 114.00 NOTE
r-devel-windows-x86_64-new-TK 1.2.0 NOTE
r-patched-linux-x86_64 1.2.0 6.44 44.00 50.44 NOTE
r-release-linux-x86_64 1.2.0 6.04 43.10 49.14 NOTE
r-release-macos-arm64 1.2.0 NOTE
r-release-macos-x86_64 1.2.0 NOTE
r-release-windows-ix86+x86_64 1.2.0 22.00 71.00 93.00 NOTE
r-oldrel-macos-x86_64 1.2.0 OK
r-oldrel-windows-ix86+x86_64 1.2.0 22.00 73.00 95.00 OK

Check Details

Version: 1.2.0
Check: LazyData
Result: NOTE
     'LazyData' is specified without a 'data' directory
Flavors: r-devel-linux-x86_64-debian-clang, r-devel-linux-x86_64-debian-gcc, r-devel-linux-x86_64-fedora-clang, r-devel-linux-x86_64-fedora-gcc, r-devel-windows-x86_64-new-UL, r-devel-windows-x86_64-new-TK, r-patched-linux-x86_64, r-release-linux-x86_64, r-release-macos-arm64, r-release-macos-x86_64, r-release-windows-ix86+x86_64