Last updated on 2023-01-29 05:49:34 CET.
Flavor | Version | Tinstall | Tcheck | Ttotal | Status | Flags |
---|---|---|---|---|---|---|
r-devel-linux-x86_64-debian-clang | 1.0 | 1.58 | 26.99 | 28.57 | OK | |
r-devel-linux-x86_64-debian-gcc | 1.0 | 1.68 | 21.14 | 22.82 | OK | |
r-devel-linux-x86_64-fedora-clang | 1.0 | 37.13 | NOTE | |||
r-devel-linux-x86_64-fedora-gcc | 1.0 | 35.63 | OK | |||
r-devel-windows-x86_64 | 1.0 | 11.00 | 58.00 | 69.00 | OK | |
r-patched-linux-x86_64 | 1.0 | 2.39 | 26.97 | 29.36 | OK | |
r-release-linux-x86_64 | 1.0 | 1.69 | 27.46 | 29.15 | OK | |
r-release-macos-arm64 | 1.0 | 16.00 | OK | |||
r-release-macos-x86_64 | 1.0 | 24.00 | OK | |||
r-release-windows-x86_64 | 1.0 | 10.00 | 64.00 | 74.00 | OK | |
r-oldrel-macos-arm64 | 1.0 | 20.00 | OK | |||
r-oldrel-macos-x86_64 | 1.0 | 30.00 | OK | |||
r-oldrel-windows-ix86+x86_64 | 1.0 | 6.00 | 55.00 | 61.00 | OK |
Version: 1.0
Check: Rd cross-references
Result: NOTE
Undeclared package ‘T2EQ’ in Rd xrefs
Flavor: r-devel-linux-x86_64-fedora-clang