Last updated on 2023-12-11 05:51:51 CET.
Flavor | Version | Tinstall | Tcheck | Ttotal | Status | Flags |
---|---|---|---|---|---|---|
r-devel-linux-x86_64-debian-clang | 0.4.4 | 100.04 | 423.60 | 523.64 | NOTE | |
r-devel-linux-x86_64-debian-gcc | 0.4.4 | 68.72 | 325.74 | 394.46 | NOTE | |
r-devel-linux-x86_64-fedora-clang | 0.4.4 | 683.50 | NOTE | |||
r-devel-linux-x86_64-fedora-gcc | 0.4.4 | 734.96 | NOTE | |||
r-devel-windows-x86_64 | 0.4.4 | 78.00 | 374.00 | 452.00 | NOTE | |
r-patched-linux-x86_64 | 0.4.4 | 69.25 | 424.80 | 494.05 | NOTE | |
r-release-linux-x86_64 | 0.4.4 | 67.27 | 434.47 | 501.74 | NOTE | |
r-release-macos-arm64 | 0.4.4 | 186.00 | NOTE | |||
r-release-macos-x86_64 | 0.4.4 | 332.00 | NOTE | |||
r-release-windows-x86_64 | 0.4.4 | 95.00 | 474.00 | 569.00 | NOTE | |
r-oldrel-macos-arm64 | 0.4.4 | 166.00 | OK | |||
r-oldrel-macos-x86_64 | 0.4.4 | 229.00 | OK | |||
r-oldrel-windows-x86_64 | 0.4.4 | 99.00 | 446.00 | 545.00 | OK |
Version: 0.4.4
Check: C++ specification
Result: NOTE
Specified C++11: please drop specification unless essential
Flavors: r-devel-linux-x86_64-debian-clang, r-devel-linux-x86_64-debian-gcc, r-devel-linux-x86_64-fedora-clang, r-devel-linux-x86_64-fedora-gcc, r-devel-windows-x86_64, r-patched-linux-x86_64, r-release-linux-x86_64, r-release-macos-arm64, r-release-macos-x86_64, r-release-windows-x86_64
Version: 0.4.4
Check: dependencies in R code
Result: NOTE
Namespace in Imports field not imported from: ‘progress’
All declared Imports should be used.
Flavors: r-devel-linux-x86_64-fedora-clang, r-devel-linux-x86_64-fedora-gcc