CRAN Package Check Results for Package EFAtools

Last updated on 2022-12-02 05:55:15 CET.

Flavor Version Tinstall Tcheck Ttotal Status Flags
r-devel-linux-x86_64-debian-clang 0.4.3 96.20 631.42 727.62 OK
r-devel-linux-x86_64-debian-gcc 0.4.3 76.65 488.07 564.72 OK
r-devel-linux-x86_64-fedora-clang 0.4.3 719.96 NOTE
r-devel-linux-x86_64-fedora-gcc 0.4.3 734.33 NOTE
r-devel-windows-x86_64 0.4.3 128.00 503.00 631.00 OK
r-patched-linux-x86_64 0.4.3 88.08 526.73 614.81 OK
r-release-linux-x86_64 0.4.3 82.66 605.48 688.14 OK
r-release-macos-arm64 0.4.3 165.00 NOTE
r-release-macos-x86_64 0.4.3 226.00 NOTE
r-release-windows-x86_64 0.4.3 90.00 538.00 628.00 OK
r-oldrel-macos-arm64 0.4.3 171.00 NOTE
r-oldrel-macos-x86_64 0.4.3 234.00 NOTE
r-oldrel-windows-ix86+x86_64 0.4.3 232.00 752.00 984.00 OK

Additional issues

ATLAS

Check Details

Version: 0.4.3
Check: dependencies in R code
Result: NOTE
    Namespace in Imports field not imported from: ‘progress’
     All declared Imports should be used.
Flavors: r-devel-linux-x86_64-fedora-clang, r-devel-linux-x86_64-fedora-gcc, r-release-macos-arm64, r-release-macos-x86_64, r-oldrel-macos-arm64, r-oldrel-macos-x86_64