CRAN Package Check Results for Package EHR

Last updated on 2021-06-21 05:49:36 CEST.

Flavor Version Tinstall Tcheck Ttotal Status Flags
r-devel-linux-x86_64-debian-clang 0.4-1 14.23 243.62 257.85 OK
r-devel-linux-x86_64-debian-gcc 0.4-1 9.61 200.57 210.18 OK
r-devel-linux-x86_64-fedora-clang 0.4-1 354.43 OK
r-devel-linux-x86_64-fedora-gcc 0.4-1 339.43 OK
r-devel-windows-x86_64 0.4-1 17.00 305.00 322.00 OK
r-devel-windows-x86_64-gcc10-UCRT 0.4-1 OK
r-patched-linux-x86_64 0.4-1 12.46 249.45 261.91 OK
r-patched-solaris-x86 0.4-1 513.60 OK
r-release-linux-x86_64 0.4-1 12.76 253.25 266.01 OK
r-release-macos-arm64 0.4-1 WARN
r-release-macos-x86_64 0.4-1 OK
r-release-windows-ix86+x86_64 0.4-1 18.00 305.00 323.00 OK
r-oldrel-macos-x86_64 0.4-1 OK

Check Details

Version: 0.4-1
Check: re-building of vignette outputs
Result: WARN
    Error(s) in re-building vignettes:
    --- re-building ‘ehr_vignette_01_mxr.Rmd’ using rmarkdown
    Warning in engine$weave(file, quiet = quiet, encoding = enc) :
     Pandoc (>= 1.12.3) not available. Falling back to R Markdown v1.
    Quitting from lines 229-251 (ehr_vignette_01_mxr.Rmd)
    Error: processing vignette 'ehr_vignette_01_mxr.Rmd' failed with diagnostics:
    object 'freq_vals' not found
    --- failed re-building ‘ehr_vignette_01_mxr.Rmd’
    
    --- re-building ‘ehr_vignette_02_str.Rmd’ using rmarkdown
    Warning in engine$weave(file, quiet = quiet, encoding = enc) :
     Pandoc (>= 1.12.3) not available. Falling back to R Markdown v1.
    --- finished re-building ‘ehr_vignette_02_str.Rmd’
    
    --- re-building ‘ehr_vignette_03_DoseBuilding.Rmd’ using rmarkdown
    Warning in engine$weave(file, quiet = quiet, encoding = enc) :
     Pandoc (>= 1.12.3) not available. Falling back to R Markdown v1.
    --- finished re-building ‘ehr_vignette_03_DoseBuilding.Rmd’
    
    --- re-building ‘ehr_vignette_04_Build_PK_Oral.Rmd’ using rmarkdown
    Warning in engine$weave(file, quiet = quiet, encoding = enc) :
     Pandoc (>= 1.12.3) not available. Falling back to R Markdown v1.
    --- finished re-building ‘ehr_vignette_04_Build_PK_Oral.Rmd’
    
    SUMMARY: processing the following file failed:
     ‘ehr_vignette_01_mxr.Rmd’
    
    Error: Vignette re-building failed.
    Execution halted
Flavor: r-release-macos-arm64