CRAN Package Check Results for Package EMAtools

Last updated on 2021-07-23 05:51:50 CEST.

Flavor Version Tinstall Tcheck Ttotal Status Flags
r-devel-linux-x86_64-debian-clang 0.1.3 12.11 108.16 120.27 NOTE
r-devel-linux-x86_64-debian-gcc 0.1.3 10.39 81.28 91.67 NOTE
r-devel-linux-x86_64-fedora-clang 0.1.3 158.21 NOTE
r-devel-linux-x86_64-fedora-gcc 0.1.3 143.77 NOTE
r-devel-windows-x86_64 0.1.3 18.00 97.00 115.00 NOTE
r-devel-windows-x86_64-gcc10-UCRT 0.1.3 NOTE
r-patched-linux-x86_64 0.1.3 11.67 100.55 112.22 NOTE
r-patched-solaris-x86 0.1.3 192.60 NOTE
r-release-linux-x86_64 0.1.3 13.05 100.05 113.10 NOTE
r-release-macos-arm64 0.1.3 NOTE
r-release-macos-x86_64 0.1.3 NOTE
r-release-windows-ix86+x86_64 0.1.3 33.00 92.00 125.00 NOTE
r-oldrel-macos-x86_64 0.1.3 OK
r-oldrel-windows-ix86+x86_64 0.1.3 33.00 133.00 166.00 OK

Check Details

Version: 0.1.3
Check: LazyData
Result: NOTE
     'LazyData' is specified without a 'data' directory
Flavors: r-devel-linux-x86_64-debian-clang, r-devel-linux-x86_64-debian-gcc, r-devel-linux-x86_64-fedora-clang, r-devel-linux-x86_64-fedora-gcc, r-devel-windows-x86_64, r-devel-windows-x86_64-gcc10-UCRT, r-patched-linux-x86_64, r-patched-solaris-x86, r-release-linux-x86_64, r-release-macos-arm64, r-release-macos-x86_64, r-release-windows-ix86+x86_64