CRAN Package Check Results for Package EMCluster

Last updated on 2021-11-28 05:49:32 CET.

Flavor Version Tinstall Tcheck Ttotal Status Flags
r-devel-linux-x86_64-debian-clang 0.2-13 NOTE
r-devel-linux-x86_64-debian-gcc 0.2-13 17.42 62.26 79.68 NOTE
r-devel-linux-x86_64-fedora-clang 0.2-13 141.04 NOTE
r-devel-linux-x86_64-fedora-gcc 0.2-13 126.39 NOTE
r-devel-windows-x86_64-new-UL 0.2-13 75.00 153.00 228.00 NOTE
r-devel-windows-x86_64-new-TK 0.2-13 NOTE
r-devel-windows-x86_64-old 0.2-13 41.00 112.00 153.00 OK
r-patched-linux-x86_64 0.2-13 18.93 77.56 96.49 NOTE
r-patched-solaris-x86 0.2-13 183.60 NOTE
r-release-linux-x86_64 0.2-13 20.38 77.55 97.93 NOTE
r-release-macos-arm64 0.2-13 OK
r-release-macos-x86_64 0.2-13 OK
r-release-windows-ix86+x86_64 0.2-13 84.00 108.00 192.00 OK
r-oldrel-macos-x86_64 0.2-13 OK
r-oldrel-windows-ix86+x86_64 0.2-13 74.00 142.00 216.00 OK

Check Details

Version: 0.2-13
Check: package dependencies
Result: NOTE
    Package which this enhances but not available for checking: 'PPtree'
Flavors: r-devel-linux-x86_64-debian-clang, r-devel-linux-x86_64-debian-gcc, r-devel-linux-x86_64-fedora-clang, r-devel-linux-x86_64-fedora-gcc, r-devel-windows-x86_64-new-UL, r-devel-windows-x86_64-new-TK, r-patched-linux-x86_64, r-patched-solaris-x86, r-release-linux-x86_64