CRAN Package Check Results for Package EMbC

Last updated on 2021-12-07 05:55:03 CET.

Flavor Version Tinstall Tcheck Ttotal Status Flags
r-devel-linux-x86_64-debian-clang 2.0.3 36.02 103.90 139.92 OK
r-devel-linux-x86_64-debian-gcc 2.0.3 25.64 80.13 105.77 OK
r-devel-linux-x86_64-fedora-clang 2.0.3 182.36 WARN
r-devel-linux-x86_64-fedora-gcc 2.0.3 172.77 WARN
r-devel-windows-x86_64-new-UL 2.0.3 60.00 287.00 347.00 OK
r-devel-windows-x86_64-new-TK 2.0.3 OK
r-devel-windows-x86_64-old 2.0.3 53.00 234.00 287.00 OK
r-patched-linux-x86_64 2.0.3 30.21 66.58 96.79 OK
r-release-linux-x86_64 2.0.3 30.18 67.05 97.23 OK
r-release-macos-arm64 2.0.3 OK
r-release-macos-x86_64 2.0.3 OK
r-release-windows-ix86+x86_64 2.0.3 67.00 170.00 237.00 OK
r-oldrel-macos-x86_64 2.0.3 OK
r-oldrel-windows-ix86+x86_64 2.0.3 97.00 177.00 274.00 OK

Check Details

Version: 2.0.3
Check: re-building of vignette outputs
Result: WARN
    Error(s) in re-building vignettes:
    --- re-building ‘EMbC_qckref.Rmd’ using rmarkdown
    Loading required package: geosphere
    Loading required package: sp
    Loading required package: raster
    Loading required package: rgdal
    Please note that rgdal will be retired by the end of 2023,
    plan transition to sf/stars/terra functions using GDAL and PROJ
    at your earliest convenience.
    
    rgdal: version: 1.5-27, (SVN revision 1148)
    Geospatial Data Abstraction Library extensions to R successfully loaded
    Loaded GDAL runtime: GDAL 3.0.4, released 2020/01/28
    Path to GDAL shared files: /usr/share/gdal
    GDAL binary built with GEOS: TRUE
    Loaded PROJ runtime: Rel. 6.3.2, May 1st, 2020, [PJ_VERSION: 632]
    Path to PROJ shared files: /usr/share/proj
    Linking to sp version:1.4-6
    To mute warnings of possible GDAL/OSR exportToProj4() degradation,
    use options("rgdal_show_exportToProj4_warnings"="none") before loading sp or rgdal.
    ! Undefined control sequence.
    <argument> \z
    
    Error: processing vignette 'EMbC_qckref.Rmd' failed with diagnostics:
    LaTeX failed to compile /data/gannet/ripley/R/packages/tests-clang/EMbC.Rcheck/vign_test/EMbC/vignettes/EMbC_qckref.tex. See https://yihui.org/tinytex/r/#debugging for debugging tips. See EMbC_qckref.log for more info.
    --- failed re-building ‘EMbC_qckref.Rmd’
    
    SUMMARY: processing the following file failed:
     ‘EMbC_qckref.Rmd’
    
    Error: Vignette re-building failed.
    Execution halted
Flavor: r-devel-linux-x86_64-fedora-clang

Version: 2.0.3
Check: re-building of vignette outputs
Result: WARN
    Error(s) in re-building vignettes:
    --- re-building ‘EMbC_qckref.Rmd’ using rmarkdown
    Loading required package: geosphere
    Loading required package: sp
    Loading required package: raster
    Loading required package: rgdal
    Please note that rgdal will be retired by the end of 2023,
    plan transition to sf/stars/terra functions using GDAL and PROJ
    at your earliest convenience.
    
    rgdal: version: 1.5-27, (SVN revision 1148)
    Geospatial Data Abstraction Library extensions to R successfully loaded
    Loaded GDAL runtime: GDAL 3.0.4, released 2020/01/28
    Path to GDAL shared files: /usr/share/gdal
    GDAL binary built with GEOS: TRUE
    Loaded PROJ runtime: Rel. 6.3.2, May 1st, 2020, [PJ_VERSION: 632]
    Path to PROJ shared files: /usr/share/proj
    Linking to sp version:1.4-6
    To mute warnings of possible GDAL/OSR exportToProj4() degradation,
    use options("rgdal_show_exportToProj4_warnings"="none") before loading sp or rgdal.
    ! Undefined control sequence.
    <argument> \z
     @
    l.115 \begin{abstract}
    
    Error: processing vignette 'EMbC_qckref.Rmd' failed with diagnostics:
    LaTeX failed to compile /data/gannet/ripley/R/packages/tests-devel/EMbC.Rcheck/vign_test/EMbC/vignettes/EMbC_qckref.tex. See https://yihui.org/tinytex/r/#debugging for debugging tips. See EMbC_qckref.log for more info.
    --- failed re-building ‘EMbC_qckref.Rmd’
    
    SUMMARY: processing the following file failed:
     ‘EMbC_qckref.Rmd’
    
    Error: Vignette re-building failed.
    Execution halted
Flavor: r-devel-linux-x86_64-fedora-gcc