CRAN Package Check Results for Package Ecfun

Last updated on 2019-07-15 05:48:13 CEST.

Flavor Version Tinstall Tcheck Ttotal Status Flags
r-devel-linux-x86_64-debian-clang 0.2-0 11.83 108.54 120.37 NOTE
r-devel-linux-x86_64-debian-gcc 0.2-0 9.70 84.85 94.55 NOTE
r-devel-linux-x86_64-fedora-clang 0.2-0 146.58 NOTE
r-devel-linux-x86_64-fedora-gcc 0.2-0 141.92 NOTE
r-devel-windows-ix86+x86_64 0.2-0 17.00 129.00 146.00 OK
r-patched-linux-x86_64 0.2-0 10.87 110.16 121.03 OK
r-patched-solaris-x86 0.2-0 205.50 OK
r-release-linux-x86_64 0.2-0 11.52 110.27 121.79 OK
r-release-windows-ix86+x86_64 0.2-0 19.00 176.00 195.00 OK
r-release-osx-x86_64 0.2-0 OK
r-oldrel-windows-ix86+x86_64 0.2-0 21.00 157.00 178.00 OK
r-oldrel-osx-x86_64 0.2-0 OK

Check Details

Version: 0.2-0
Check: for non-standard things in the check directory
Result: NOTE
    Found the following files/directories:
     'cow0.csv' 'testURLresults.csv'
Flavors: r-devel-linux-x86_64-debian-clang, r-devel-linux-x86_64-debian-gcc, r-devel-linux-x86_64-fedora-clang, r-devel-linux-x86_64-fedora-gcc