CRAN Package Check Results for Package EmbedSOM

Last updated on 2023-02-02 06:03:23 CET.

Flavor Version Tinstall Tcheck Ttotal Status Flags
r-devel-linux-x86_64-debian-clang 2.1.2 35.31 67.58 102.89 OK
r-devel-linux-x86_64-debian-gcc 2.1.2 23.93 48.44 72.37 OK
r-devel-linux-x86_64-fedora-clang 2.1.2 132.25 NOTE
r-devel-linux-x86_64-fedora-gcc 2.1.2 140.96 NOTE
r-devel-windows-x86_64 2.1.2 37.00 181.00 218.00 OK
r-patched-linux-x86_64 2.1.2 22.17 65.09 87.26 OK
r-release-linux-x86_64 2.1.2 25.86 65.85 91.71 OK
r-release-macos-arm64 2.1.2 47.00 NOTE
r-release-macos-x86_64 2.1.2 64.00 NOTE
r-release-windows-x86_64 2.1.2 38.00 172.00 210.00 OK
r-oldrel-macos-arm64 2.1.2 48.00 NOTE
r-oldrel-macos-x86_64 2.1.2 66.00 NOTE
r-oldrel-windows-ix86+x86_64 2.1.2 53.00 126.00 179.00 OK

Check Details

Version: 2.1.2
Check: dependencies in R code
Result: NOTE
    Namespaces in Imports field not imported from:
     ‘Matrix’ ‘Rtsne’ ‘uwot’
     All declared Imports should be used.
Flavors: r-devel-linux-x86_64-fedora-clang, r-devel-linux-x86_64-fedora-gcc, r-release-macos-arm64, r-release-macos-x86_64, r-oldrel-macos-arm64, r-oldrel-macos-x86_64