CRAN Package Check Results for Package EnsemblePCReg

Last updated on 2019-06-24 05:57:59 CEST.

Flavor Version Tinstall Tcheck Ttotal Status Flags
r-devel-linux-x86_64-debian-clang 1.1.1 10.08 90.62 100.70 NOTE
r-devel-linux-x86_64-debian-gcc 1.1.1 9.22 72.03 81.25 NOTE
r-devel-linux-x86_64-fedora-clang 1.1.1 120.31 NOTE
r-devel-linux-x86_64-fedora-gcc 1.1.1 118.70 NOTE
r-devel-windows-ix86+x86_64 1.1.1 41.00 163.00 204.00 OK
r-patched-linux-x86_64 1.1.1 10.55 89.50 100.05 OK
r-patched-solaris-x86 1.1.1 200.20 OK
r-release-linux-x86_64 1.1.1 9.81 88.33 98.14 OK
r-release-windows-ix86+x86_64 1.1.1 26.00 169.00 195.00 OK
r-release-osx-x86_64 1.1.1 OK
r-oldrel-windows-ix86+x86_64 1.1.1 17.00 97.00 114.00 OK
r-oldrel-osx-x86_64 1.1.1 OK

Check Details

Version: 1.1.1
Check: for non-standard things in the check directory
Result: NOTE
    Found the following files/directories:
     'somefile'
Flavors: r-devel-linux-x86_64-debian-clang, r-devel-linux-x86_64-debian-gcc, r-devel-linux-x86_64-fedora-clang, r-devel-linux-x86_64-fedora-gcc