CRAN Package Check Results for Package EnsemblePCReg

Last updated on 2019-09-15 05:46:13 CEST.

Flavor Version Tinstall Tcheck Ttotal Status Flags
r-devel-linux-x86_64-debian-clang 1.1.1 11.02 93.11 104.13 NOTE
r-devel-linux-x86_64-debian-gcc 1.1.1 9.12 72.55 81.67 NOTE
r-devel-linux-x86_64-fedora-clang 1.1.1 123.82 NOTE
r-devel-linux-x86_64-fedora-gcc 1.1.1 124.56 NOTE
r-devel-windows-ix86+x86_64 1.1.1 29.00 6.00 35.00 ERROR
r-patched-linux-x86_64 1.1.1 11.84 89.81 101.65 OK
r-patched-solaris-x86 1.1.1 181.10 OK
r-release-linux-x86_64 1.1.1 9.54 88.47 98.01 OK
r-release-windows-ix86+x86_64 1.1.1 30.00 165.00 195.00 OK
r-release-osx-x86_64 1.1.1 OK
r-oldrel-windows-ix86+x86_64 1.1.1 30.00 109.00 139.00 OK
r-oldrel-osx-x86_64 1.1.1 OK

Check Details

Version: 1.1.1
Check: for non-standard things in the check directory
Result: NOTE
    Found the following files/directories:
     'somefile'
Flavors: r-devel-linux-x86_64-debian-clang, r-devel-linux-x86_64-debian-gcc, r-devel-linux-x86_64-fedora-clang, r-devel-linux-x86_64-fedora-gcc

Version: 1.1.1
Check: whether package can be installed
Result: ERROR
    Installation failed.
Flavor: r-devel-windows-ix86+x86_64