CRAN Package Check Results for Package EnvStats

Last updated on 2020-06-04 05:48:59 CEST.

Flavor Version Tinstall Tcheck Ttotal Status Flags
r-devel-linux-x86_64-debian-clang 2.3.1 65.19 501.33 566.52 OK
r-devel-linux-x86_64-debian-gcc 2.3.1 54.95 362.92 417.87 OK
r-devel-linux-x86_64-fedora-clang 2.3.1 721.77 NOTE
r-devel-linux-x86_64-fedora-gcc 2.3.1 679.97 OK
r-devel-windows-ix86+x86_64 2.3.1 115.00 426.00 541.00 NOTE
r-patched-linux-x86_64 2.3.1 65.99 495.09 561.08 OK
r-patched-solaris-x86 2.3.1 667.80 NOTE
r-release-linux-x86_64 2.3.1 69.85 493.24 563.09 OK
r-release-osx-x86_64 2.3.1 NOTE
r-release-windows-ix86+x86_64 2.3.1 91.00 428.00 519.00 NOTE
r-oldrel-osx-x86_64 2.3.1 NOTE
r-oldrel-windows-ix86+x86_64 2.3.1 133.00 532.00 665.00 NOTE

Check Details

Version: 2.3.1
Check: installed package size
Result: NOTE
     installed size is 9.7Mb
     sub-directories of 1Mb or more:
     R 2.3Mb
     doc 3.3Mb
     help 3.4Mb
Flavors: r-devel-linux-x86_64-fedora-clang, r-devel-windows-ix86+x86_64, r-patched-solaris-x86, r-release-osx-x86_64, r-release-windows-ix86+x86_64, r-oldrel-osx-x86_64, r-oldrel-windows-ix86+x86_64