CRAN Package Check Results for Package Epi

Last updated on 2021-06-18 05:48:44 CEST.

Flavor Version Tinstall Tcheck Ttotal Status Flags
r-devel-linux-x86_64-debian-clang 2.44 27.85 622.04 649.89 OK
r-devel-linux-x86_64-debian-gcc 2.44 19.81 458.37 478.18 OK
r-devel-linux-x86_64-fedora-clang 2.44 757.75 NOTE
r-devel-linux-x86_64-fedora-gcc 2.44 754.35 OK
r-devel-windows-x86_64 2.44 38.00 223.00 261.00 OK --no-vignettes
r-devel-windows-x86_64-gcc10-UCRT 2.44 OK
r-patched-linux-x86_64 2.44 28.47 591.39 619.86 OK
r-patched-solaris-x86 2.44 1307.60 OK
r-release-linux-x86_64 2.44 22.00 591.92 613.92 OK
r-release-macos-arm64 2.44 OK
r-release-macos-x86_64 2.44 OK
r-release-windows-ix86+x86_64 2.44 50.00 245.00 295.00 OK --no-vignettes
r-oldrel-macos-x86_64 2.44 OK
r-oldrel-windows-ix86+x86_64 2.44 36.00 363.00 399.00 OK --no-vignettes

Check Details

Version: 2.44
Check: Rd cross-references
Result: NOTE
    Undeclared packages ‘ilc’, ‘demography’ in Rd xrefs
Flavor: r-devel-linux-x86_64-fedora-clang