CRAN Package Check Results for Package EpiCurve

Last updated on 2021-11-29 05:49:44 CET.

Flavor Version Tinstall Tcheck Ttotal Status Flags
r-devel-linux-x86_64-debian-clang 2.4-2 OK
r-devel-linux-x86_64-debian-gcc 2.4-2 3.76 61.85 65.61 OK
r-devel-linux-x86_64-fedora-clang 2.4-2 119.23 NOTE
r-devel-linux-x86_64-fedora-gcc 2.4-2 104.42 NOTE
r-devel-windows-x86_64-new-UL 2.4-2 12.00 182.00 194.00 OK
r-devel-windows-x86_64-new-TK 2.4-2 NOTE
r-devel-windows-x86_64-old 2.4-2 9.00 97.00 106.00 OK
r-patched-linux-x86_64 2.4-2 6.04 74.39 80.43 OK
r-patched-solaris-x86 2.4-2 109.40 NOTE
r-release-linux-x86_64 2.4-2 5.16 74.85 80.01 OK
r-release-macos-arm64 2.4-2 NOTE
r-release-macos-x86_64 2.4-2 NOTE
r-release-windows-ix86+x86_64 2.4-2 15.00 131.00 146.00 OK
r-oldrel-macos-x86_64 2.4-2 NOTE
r-oldrel-windows-ix86+x86_64 2.4-2 24.00 121.00 145.00 OK

Check Details

Version: 2.4-2
Check: dependencies in R code
Result: NOTE
    Namespace in Imports field not imported from: ‘tibble’
     All declared Imports should be used.
Flavors: r-devel-linux-x86_64-fedora-clang, r-devel-linux-x86_64-fedora-gcc, r-devel-windows-x86_64-new-TK, r-patched-solaris-x86, r-release-macos-arm64, r-release-macos-x86_64, r-oldrel-macos-x86_64