CRAN Package Check Results for Package EstHer

Last updated on 2019-10-15 05:47:45 CEST.

Flavor Version Tinstall Tcheck Ttotal Status Flags
r-devel-linux-x86_64-debian-clang 1.0 31.19 66.02 97.21 OK
r-devel-linux-x86_64-debian-gcc 1.0 22.18 51.57 73.75 OK
r-devel-linux-x86_64-fedora-clang 1.0 123.32 NOTE
r-devel-linux-x86_64-fedora-gcc 1.0 121.28 NOTE
r-devel-windows-ix86+x86_64 1.0 46.00 146.00 192.00 OK
r-patched-linux-x86_64 1.0 24.90 64.11 89.01 OK
r-patched-solaris-x86 1.0 162.70 OK
r-release-linux-x86_64 1.0 23.20 64.24 87.44 OK
r-release-windows-ix86+x86_64 1.0 68.00 106.00 174.00 OK
r-release-osx-x86_64 1.0 OK
r-oldrel-windows-ix86+x86_64 1.0 42.00 101.00 143.00 OK
r-oldrel-osx-x86_64 1.0 OK

Check Details

Version: 1.0
Check: compiled code
Result: NOTE
    File ‘EstHer/libs/EstHer.so’:
     Found no calls to: ‘R_registerRoutines’, ‘R_useDynamicSymbols’
    
    It is good practice to register native routines and to disable symbol
    search.
    
    See ‘Writing portable packages’ in the ‘Writing R Extensions’ manual.
Flavors: r-devel-linux-x86_64-fedora-clang, r-devel-linux-x86_64-fedora-gcc