CRAN Package Check Results for Package EstHer

Last updated on 2019-07-15 05:48:14 CEST.

Flavor Version Tinstall Tcheck Ttotal Status Flags
r-devel-linux-x86_64-debian-clang 1.0 24.77 65.48 90.25 OK
r-devel-linux-x86_64-debian-gcc 1.0 20.95 52.70 73.65 OK
r-devel-linux-x86_64-fedora-clang 1.0 126.94 NOTE
r-devel-linux-x86_64-fedora-gcc 1.0 115.81 NOTE
r-devel-windows-ix86+x86_64 1.0 49.00 107.00 156.00 OK
r-patched-linux-x86_64 1.0 21.91 64.48 86.39 OK
r-patched-solaris-x86 1.0 167.00 OK
r-release-linux-x86_64 1.0 25.39 64.97 90.36 OK
r-release-windows-ix86+x86_64 1.0 46.00 149.00 195.00 OK
r-release-osx-x86_64 1.0 OK
r-oldrel-windows-ix86+x86_64 1.0 64.00 111.00 175.00 OK
r-oldrel-osx-x86_64 1.0 OK

Check Details

Version: 1.0
Check: compiled code
Result: NOTE
    File ‘EstHer/libs/EstHer.so’:
     Found no calls to: ‘R_registerRoutines’, ‘R_useDynamicSymbols’
    
    It is good practice to register native routines and to disable symbol
    search.
    
    See ‘Writing portable packages’ in the ‘Writing R Extensions’ manual.
Flavors: r-devel-linux-x86_64-fedora-clang, r-devel-linux-x86_64-fedora-gcc