Last updated on 2023-01-31 06:01:01 CET.
Flavor | Version | Tinstall | Tcheck | Ttotal | Status | Flags |
---|---|---|---|---|---|---|
r-devel-linux-x86_64-debian-clang | 0.3.1 | 14.81 | 124.74 | 139.55 | NOTE | |
r-devel-linux-x86_64-debian-gcc | 0.3.1 | 10.17 | 88.68 | 98.85 | NOTE | |
r-devel-linux-x86_64-fedora-clang | 0.3.1 | 174.70 | NOTE | |||
r-devel-linux-x86_64-fedora-gcc | 0.3.1 | 165.53 | NOTE | |||
r-devel-windows-x86_64 | 0.3.1 | 70.00 | 153.00 | 223.00 | NOTE | |
r-patched-linux-x86_64 | 0.3.1 | 11.80 | 117.53 | 129.33 | NOTE | |
r-release-linux-x86_64 | 0.3.1 | 13.47 | 121.37 | 134.84 | NOTE | |
r-release-macos-arm64 | 0.3.1 | 46.00 | NOTE | |||
r-release-macos-x86_64 | 0.3.1 | 75.00 | NOTE | |||
r-release-windows-x86_64 | 0.3.1 | 45.00 | 156.00 | 201.00 | NOTE | |
r-oldrel-macos-arm64 | 0.3.1 | 56.00 | NOTE | |||
r-oldrel-macos-x86_64 | 0.3.1 | 81.00 | NOTE | |||
r-oldrel-windows-ix86+x86_64 | 0.3.1 | 37.00 | 142.00 | 179.00 | NOTE |
Version: 0.3.1
Check: LazyData
Result: NOTE
'LazyData' is specified without a 'data' directory
Flavors: r-devel-linux-x86_64-debian-clang, r-devel-linux-x86_64-debian-gcc, r-devel-linux-x86_64-fedora-clang, r-devel-linux-x86_64-fedora-gcc, r-devel-windows-x86_64, r-patched-linux-x86_64, r-release-linux-x86_64, r-release-macos-arm64, r-release-macos-x86_64, r-release-windows-x86_64, r-oldrel-macos-arm64, r-oldrel-macos-x86_64, r-oldrel-windows-ix86+x86_64