CRAN Package Check Results for Package EvolutionaryGames

Last updated on 2020-02-27 05:48:45 CET.

Flavor Version Tinstall Tcheck Ttotal Status Flags
r-devel-linux-x86_64-debian-clang 0.1.0 3.14 102.82 105.96 NOTE
r-devel-linux-x86_64-debian-gcc 0.1.0 2.75 70.01 72.76 NOTE
r-devel-linux-x86_64-fedora-clang 0.1.0 117.95 OK
r-devel-linux-x86_64-fedora-gcc 0.1.0 108.66 OK
r-devel-windows-ix86+x86_64 0.1.0 8.00 94.00 102.00 NOTE
r-devel-windows-ix86+x86_64-gcc8 0.1.0 10.00 107.00 117.00 NOTE
r-patched-linux-x86_64 0.1.0 2.61 87.25 89.86 OK
r-patched-solaris-x86 0.1.0 137.10 OK
r-release-linux-x86_64 0.1.0 2.80 88.26 91.06 OK
r-release-windows-ix86+x86_64 0.1.0 6.00 89.00 95.00 OK
r-release-osx-x86_64 0.1.0 OK
r-oldrel-windows-ix86+x86_64 0.1.0 4.00 91.00 95.00 OK
r-oldrel-osx-x86_64 0.1.0 OK

Check Details

Version: 0.1.0
Check: package vignettes
Result: NOTE
    Package vignette with placeholder title 'Vignette Title':
     'UsingEvolutionaryGames.Rmd'
Flavors: r-devel-linux-x86_64-debian-clang, r-devel-linux-x86_64-debian-gcc, r-devel-windows-ix86+x86_64, r-devel-windows-ix86+x86_64-gcc8