CRAN Package Check Results for Package EvolutionaryGames

Last updated on 2019-09-18 05:46:58 CEST.

Flavor Version Tinstall Tcheck Ttotal Status Flags
r-devel-linux-x86_64-debian-clang 0.1.0 2.90 91.87 94.77 NOTE
r-devel-linux-x86_64-debian-gcc 0.1.0 2.39 62.29 64.68 NOTE
r-devel-linux-x86_64-fedora-clang 0.1.0 105.44 OK
r-devel-linux-x86_64-fedora-gcc 0.1.0 103.72 OK
r-devel-windows-ix86+x86_64 0.1.0 14.00 133.00 147.00 NOTE
r-patched-linux-x86_64 0.1.0 2.43 86.93 89.36 OK
r-patched-solaris-x86 0.1.0 139.10 OK
r-release-linux-x86_64 0.1.0 2.66 91.02 93.68 OK
r-release-windows-ix86+x86_64 0.1.0 7.00 92.00 99.00 OK
r-release-osx-x86_64 0.1.0 OK
r-oldrel-windows-ix86+x86_64 0.1.0 5.00 90.00 95.00 OK
r-oldrel-osx-x86_64 0.1.0 OK

Check Details

Version: 0.1.0
Check: package vignettes
Result: NOTE
    Package vignette with placeholder title 'Vignette Title':
     'UsingEvolutionaryGames.Rmd'
Flavors: r-devel-linux-x86_64-debian-clang, r-devel-linux-x86_64-debian-gcc, r-devel-windows-ix86+x86_64