CRAN Package Check Results for Package ExomeDepth

Last updated on 2019-10-23 05:46:27 CEST.

Flavor Version Tinstall Tcheck Ttotal Status Flags
r-devel-linux-x86_64-debian-clang 1.1.12 34.11 258.01 292.12 OK
r-devel-linux-x86_64-debian-gcc 1.1.12 30.52 207.26 237.78 OK
r-devel-linux-x86_64-fedora-clang 1.1.12 372.43 OK
r-devel-linux-x86_64-fedora-gcc 1.1.12 365.88 OK
r-devel-windows-ix86+x86_64 1.1.12 71.00 308.00 379.00 OK
r-patched-linux-x86_64 1.1.12 32.48 250.70 283.18 OK
r-patched-solaris-x86 1.1.12 529.40 OK
r-release-linux-x86_64 1.1.12 37.18 247.08 284.26 OK
r-release-windows-ix86+x86_64 1.1.12 109.00 364.00 473.00 OK
r-release-osx-x86_64 1.1.12 ERROR
r-oldrel-windows-ix86+x86_64 1.1.12 76.00 403.00 479.00 OK
r-oldrel-osx-x86_64 1.1.12 ERROR

Check Details

Version: 1.1.12
Check: whether package can be installed
Result: ERROR
    Installation failed.
Flavor: r-release-osx-x86_64

Version: 1.1.12
Check: package dependencies
Result: ERROR
    Packages required but not available: ‘Rsamtools’ ‘GenomicAlignments’
    
    See section ‘The DESCRIPTION file’ in the ‘Writing R Extensions’
    manual.
Flavor: r-oldrel-osx-x86_64