CRAN Package Check Results for Package ExomeDepth

Last updated on 2020-06-04 05:49:00 CEST.

Flavor Version Tinstall Tcheck Ttotal Status Flags
r-devel-linux-x86_64-debian-clang 1.1.15 39.87 290.89 330.76 OK
r-devel-linux-x86_64-debian-gcc 1.1.15 33.11 221.57 254.68 OK
r-devel-linux-x86_64-fedora-clang 1.1.15 431.13 OK
r-devel-linux-x86_64-fedora-gcc 1.1.15 400.45 OK
r-devel-windows-ix86+x86_64 1.1.15 117.00 364.00 481.00 OK
r-patched-linux-x86_64 1.1.15 37.11 285.22 322.33 OK
r-patched-solaris-x86 1.1.15 603.40 OK
r-release-linux-x86_64 1.1.15 39.15 285.98 325.13 OK
r-release-osx-x86_64 1.1.15 WARN
r-release-windows-ix86+x86_64 1.1.15 92.00 351.00 443.00 OK
r-oldrel-osx-x86_64 1.1.15 ERROR
r-oldrel-windows-ix86+x86_64 1.1.15 140.00 430.00 570.00 OK

Check Details

Version: 1.1.15
Check: whether package can be installed
Result: WARN
    Found the following significant warnings:
     VP_psi.c:843:8: warning: 'gsl_finite' is deprecated: first deprecated in macOS 10.9 [-Wdeprecated-declarations]
     VP_psi.c:843:41: warning: 'gsl_finite' is deprecated: first deprecated in macOS 10.9 [-Wdeprecated-declarations]
Flavor: r-release-osx-x86_64

Version: 1.1.15
Check: whether package can be installed
Result: ERROR
    Installation failed.
Flavor: r-oldrel-osx-x86_64