Last updated on 2023-01-31 06:01:02 CET.
Flavor | Version | Tinstall | Tcheck | Ttotal | Status | Flags |
---|---|---|---|---|---|---|
r-devel-linux-x86_64-debian-clang | 0.8.0 | 35.04 | 465.50 | 500.54 | OK | |
r-devel-linux-x86_64-debian-gcc | 0.8.0 | 28.03 | 340.92 | 368.95 | OK | |
r-devel-linux-x86_64-fedora-clang | 0.8.0 | 622.80 | NOTE | |||
r-devel-linux-x86_64-fedora-gcc | 0.8.0 | 635.46 | OK | |||
r-devel-windows-x86_64 | 0.8.0 | 71.00 | 554.00 | 625.00 | OK | |
r-patched-linux-x86_64 | 0.8.0 | 30.27 | 440.53 | 470.80 | OK | |
r-release-linux-x86_64 | 0.8.0 | 34.20 | 382.73 | 416.93 | OK | |
r-release-macos-arm64 | 0.8.0 | 151.00 | NOTE | |||
r-release-macos-x86_64 | 0.8.0 | 215.00 | OK | |||
r-release-windows-x86_64 | 0.8.0 | 72.00 | 512.00 | 584.00 | OK | |
r-oldrel-macos-arm64 | 0.8.0 | 156.00 | NOTE | |||
r-oldrel-macos-x86_64 | 0.8.0 | 234.00 | OK | |||
r-oldrel-windows-ix86+x86_64 | 0.8.0 | 71.00 | 579.00 | 650.00 | OK |
Version: 0.8.0
Check: installed package size
Result: NOTE
installed size is 5.0Mb
sub-directories of 1Mb or more:
doc 3.5Mb
images 1.1Mb
Flavors: r-devel-linux-x86_64-fedora-clang, r-release-macos-arm64, r-oldrel-macos-arm64