CRAN Package Check Results for Package FAMILY

Last updated on 2021-10-17 05:49:09 CEST.

Flavor Version Tinstall Tcheck Ttotal Status Flags
r-devel-linux-x86_64-debian-clang 0.1.19 5.15 64.32 69.47 NOTE
r-devel-linux-x86_64-debian-gcc 0.1.19 3.69 47.26 50.95 NOTE
r-devel-linux-x86_64-fedora-clang 0.1.19 91.52 NOTE
r-devel-linux-x86_64-fedora-gcc 0.1.19 80.70 NOTE
r-devel-windows-x86_64 0.1.19 9.00 93.00 102.00 NOTE
r-devel-windows-x86_64-gcc10-UCRT 0.1.19 NOTE
r-patched-linux-x86_64 0.1.19 4.04 60.02 64.06 NOTE
r-patched-solaris-x86 0.1.19 121.30 NOTE
r-release-linux-x86_64 0.1.19 3.93 59.61 63.54 NOTE
r-release-macos-arm64 0.1.19 NOTE
r-release-macos-x86_64 0.1.19 NOTE
r-release-windows-ix86+x86_64 0.1.19 7.00 89.00 96.00 NOTE
r-oldrel-macos-x86_64 0.1.19 NOTE
r-oldrel-windows-ix86+x86_64 0.1.19 10.00 88.00 98.00 NOTE

Check Details

Version: 0.1.19
Check: R code for possible problems
Result: NOTE
    coef.FAMILY: no visible global function definition for 'glm'
    coef.FAMILY: no visible global function definition for 'lm'
    fm2v: no visible global function definition for 'na.omit'
    l_inf_prox: no visible global function definition for 'tail'
    predict.FAMILY: no visible global function definition for 'coef'
    predict.FAMILY: no visible global function definition for 'lm'
    predict.FAMILY: no visible global function definition for 'predict'
    predict.FAMILY: no visible global function definition for 'glm'
    predict.FAMILY: no visible global function definition for 'predict.glm'
    v2fm: no visible global function definition for 'tail'
    Undefined global functions or variables:
     coef glm lm na.omit predict predict.glm tail
    Consider adding
     importFrom("stats", "coef", "glm", "lm", "na.omit", "predict",
     "predict.glm")
     importFrom("utils", "tail")
    to your NAMESPACE file.
Flavors: r-devel-linux-x86_64-debian-clang, r-devel-linux-x86_64-debian-gcc, r-devel-linux-x86_64-fedora-clang, r-devel-linux-x86_64-fedora-gcc, r-devel-windows-x86_64, r-devel-windows-x86_64-gcc10-UCRT, r-patched-linux-x86_64, r-patched-solaris-x86, r-release-linux-x86_64, r-release-macos-arm64, r-release-macos-x86_64, r-release-windows-ix86+x86_64, r-oldrel-macos-x86_64, r-oldrel-windows-ix86+x86_64