CRAN Package Check Results for Package FBFsearch

Last updated on 2022-08-10 05:54:49 CEST.

Flavor Version Tinstall Tcheck Ttotal Status Flags
r-devel-linux-x86_64-debian-clang 1.1 24.54 35.05 59.59 OK
r-devel-linux-x86_64-debian-gcc 1.2 22.33 27.59 49.92 OK
r-devel-linux-x86_64-fedora-clang 1.2 88.68 OK
r-devel-linux-x86_64-fedora-gcc 1.2 81.76 OK
r-devel-windows-x86_64 1.2 35.00 101.00 136.00 OK
r-patched-linux-x86_64 1.1 23.11 34.12 57.23 OK
r-release-linux-x86_64 1.1 OK
r-release-macos-arm64 1.1 30.00 NOTE
r-release-macos-x86_64 1.1 37.00 NOTE
r-release-windows-x86_64 1.2 142.00 98.00 240.00 OK
r-oldrel-macos-arm64 1.1 31.00 NOTE
r-oldrel-macos-x86_64 1.1 46.00 NOTE
r-oldrel-windows-ix86+x86_64 1.1 66.00 81.00 147.00 NOTE

Check Details

Version: 1.1
Check: installed package size
Result: NOTE
     installed size is 6.0Mb
     sub-directories of 1Mb or more:
     data 3.5Mb
     libs 2.4Mb
Flavors: r-release-macos-arm64, r-release-macos-x86_64, r-oldrel-macos-arm64, r-oldrel-macos-x86_64, r-oldrel-windows-ix86+x86_64