CRAN Package Check Results for Package FLSSS

Last updated on 2019-05-26 05:46:44 CEST.

Flavor Version Tinstall Tcheck Ttotal Status Flags
r-devel-linux-x86_64-debian-clang 8.5.2 236.74 47.74 284.48 NOTE
r-devel-linux-x86_64-debian-gcc 8.5.2 192.13 37.70 229.83 NOTE
r-devel-linux-x86_64-fedora-clang 8.5.2 460.59 NOTE
r-devel-linux-x86_64-fedora-gcc 8.5.2 396.92 NOTE
r-devel-windows-ix86+x86_64 8.5.2 507.00 91.00 598.00 NOTE
r-patched-linux-x86_64 8.5.2 NOTE
r-patched-solaris-x86 8.5.2 361.00 NOTE
r-release-linux-x86_64 8.5.2 227.39 46.60 273.99 NOTE
r-release-windows-ix86+x86_64 8.5.2 656.00 110.00 766.00 NOTE
r-release-osx-x86_64 8.5.2 NOTE
r-oldrel-windows-ix86+x86_64 8.5.2 593.00 93.00 686.00 NOTE
r-oldrel-osx-x86_64 8.5.2 NOTE

Additional issues

clang-UBSAN gcc-UBSAN

Check Details

Version: 8.5.2
Check: for GNU extensions in Makefiles
Result: NOTE
    GNU make is a SystemRequirements.
Flavors: r-devel-linux-x86_64-debian-clang, r-devel-linux-x86_64-debian-gcc, r-devel-linux-x86_64-fedora-clang, r-devel-linux-x86_64-fedora-gcc, r-devel-windows-ix86+x86_64, r-patched-linux-x86_64, r-patched-solaris-x86, r-release-linux-x86_64, r-release-windows-ix86+x86_64, r-release-osx-x86_64, r-oldrel-windows-ix86+x86_64, r-oldrel-osx-x86_64

Version: 8.5.2
Check: installed package size
Result: NOTE
     installed size is 17.6Mb
     sub-directories of 1Mb or more:
     libs 17.4Mb
Flavors: r-devel-linux-x86_64-fedora-clang, r-release-osx-x86_64, r-oldrel-osx-x86_64