CRAN Package Check Results for Package FMAdist

Last updated on 2022-01-24 05:51:49 CET.

Flavor Version Tinstall Tcheck Ttotal Status Flags
r-devel-linux-x86_64-debian-clang 0.1.0 2.59 35.74 38.33 NOTE
r-devel-linux-x86_64-debian-gcc 0.1.0 1.84 28.64 30.48 NOTE
r-devel-linux-x86_64-fedora-clang 0.1.0 48.62 NOTE
r-devel-linux-x86_64-fedora-gcc 0.1.0 37.29 NOTE
r-devel-windows-x86_64-new-UL 0.1.0 11.00 61.00 72.00 NOTE
r-devel-windows-x86_64-new-TK 0.1.0 NOTE
r-patched-linux-x86_64 0.1.0 2.11 35.21 37.32 NOTE
r-release-linux-x86_64 0.1.0 2.60 35.68 38.28 NOTE
r-release-macos-arm64 0.1.0 NOTE
r-release-macos-x86_64 0.1.0 NOTE
r-release-windows-ix86+x86_64 0.1.0 6.00 46.00 52.00 NOTE
r-oldrel-macos-x86_64 0.1.0 OK
r-oldrel-windows-ix86+x86_64 0.1.0 6.00 46.00 52.00 OK

Check Details

Version: 0.1.0
Check: LazyData
Result: NOTE
     'LazyData' is specified without a 'data' directory
Flavors: r-devel-linux-x86_64-debian-clang, r-devel-linux-x86_64-debian-gcc, r-devel-linux-x86_64-fedora-clang, r-devel-linux-x86_64-fedora-gcc, r-devel-windows-x86_64-new-UL, r-devel-windows-x86_64-new-TK, r-patched-linux-x86_64, r-release-linux-x86_64, r-release-macos-arm64, r-release-macos-x86_64, r-release-windows-ix86+x86_64