CRAN Package Check Results for Package FMCCSD

Last updated on 2024-02-25 06:08:29 CET.

Flavor Version Tinstall Tcheck Ttotal Status Flags
r-devel-linux-x86_64-debian-clang 1.0 44.32 32.86 77.18 NOTE
r-devel-linux-x86_64-debian-gcc 1.0 30.40 25.56 55.96 NOTE
r-devel-linux-x86_64-fedora-clang 1.0 104.87 NOTE
r-devel-linux-x86_64-fedora-gcc 1.0 98.58 NOTE
r-devel-windows-x86_64 1.0 31.00 71.00 102.00 NOTE
r-patched-linux-x86_64 1.0 31.91 32.66 64.57 NOTE
r-release-linux-x86_64 1.0 41.00 31.44 72.44 NOTE
r-release-macos-arm64 1.0 30.00 NOTE
r-release-macos-x86_64 1.0 46.00 NOTE
r-release-windows-x86_64 1.0 39.00 75.00 114.00 NOTE
r-oldrel-macos-arm64 1.0 35.00 OK
r-oldrel-windows-x86_64 1.0 36.00 77.00 113.00 OK

Check Details

Version: 1.0
Check: C++ specification
Result: NOTE Specified C++11: please drop specification unless essential Flavors: r-devel-linux-x86_64-debian-clang, r-devel-linux-x86_64-debian-gcc, r-devel-linux-x86_64-fedora-clang, r-devel-linux-x86_64-fedora-gcc, r-devel-windows-x86_64, r-patched-linux-x86_64, r-release-linux-x86_64, r-release-macos-arm64, r-release-macos-x86_64, r-release-windows-x86_64