Last updated on 2023-02-02 06:03:26 CET.
Flavor | Version | Tinstall | Tcheck | Ttotal | Status | Flags |
---|---|---|---|---|---|---|
r-devel-linux-x86_64-debian-clang | 1.2.0 | 63.61 | 509.94 | 573.55 | OK | |
r-devel-linux-x86_64-debian-gcc | 1.2.0 | 51.76 | 354.22 | 405.98 | OK | |
r-devel-linux-x86_64-fedora-clang | 1.2.0 | 747.11 | NOTE | |||
r-devel-linux-x86_64-fedora-gcc | 1.2.0 | 677.47 | OK | |||
r-devel-windows-x86_64 | 1.2.0 | 82.00 | 577.00 | 659.00 | NOTE | |
r-patched-linux-x86_64 | 1.2.0 | 57.64 | 461.49 | 519.13 | OK | |
r-release-linux-x86_64 | 1.2.0 | 44.49 | 471.37 | 515.86 | OK | |
r-release-macos-arm64 | 1.2.0 | 176.00 | NOTE | |||
r-release-macos-x86_64 | 1.2.0 | 241.00 | NOTE | |||
r-release-windows-x86_64 | 1.2.0 | 84.00 | 578.00 | 662.00 | NOTE | |
r-oldrel-macos-arm64 | 1.2.0 | 170.00 | NOTE | |||
r-oldrel-macos-x86_64 | 1.2.0 | 243.00 | NOTE | |||
r-oldrel-windows-ix86+x86_64 | 1.2.0 | 134.00 | 607.00 | 741.00 | NOTE |
Version: 1.2.0
Check: installed package size
Result: NOTE
installed size is 5.3Mb
sub-directories of 1Mb or more:
data 2.7Mb
doc 1.6Mb
Flavors: r-devel-linux-x86_64-fedora-clang, r-devel-windows-x86_64, r-release-macos-arm64, r-release-macos-x86_64, r-release-windows-x86_64, r-oldrel-macos-arm64, r-oldrel-macos-x86_64, r-oldrel-windows-ix86+x86_64