CRAN Package Check Results for Package FRESA.CAD

Last updated on 2021-12-03 05:51:58 CET.

Flavor Version Tinstall Tcheck Ttotal Status Flags
r-devel-linux-x86_64-debian-clang 3.3.1 116.71 202.84 319.55 OK
r-devel-linux-x86_64-debian-gcc 3.3.1 90.82 148.95 239.77 OK
r-devel-linux-x86_64-fedora-clang 3.3.1 451.45 NOTE
r-devel-linux-x86_64-fedora-gcc 3.3.1 394.95 OK
r-devel-windows-x86_64-new-UL 3.3.1 155.00 263.00 418.00 OK
r-devel-windows-x86_64-new-TK 3.3.1 OK
r-devel-windows-x86_64-old 3.3.1 143.00 168.00 311.00 OK
r-patched-linux-x86_64 3.3.1 74.66 190.67 265.33 OK
r-patched-solaris-x86 3.3.1 412.70 OK
r-release-linux-x86_64 3.3.1 96.46 190.70 287.16 OK
r-release-macos-arm64 3.3.1 NOTE
r-release-macos-x86_64 3.3.1 NOTE
r-release-windows-ix86+x86_64 3.3.1 251.00 277.00 528.00 NOTE
r-oldrel-macos-x86_64 3.3.1 NOTE
r-oldrel-windows-ix86+x86_64 3.3.1 249.00 261.00 510.00 NOTE

Check Details

Version: 3.3.1
Check: installed package size
Result: NOTE
     installed size is 8.9Mb
     sub-directories of 1Mb or more:
     doc 1.7Mb
     libs 6.1Mb
Flavors: r-devel-linux-x86_64-fedora-clang, r-release-macos-arm64, r-release-macos-x86_64, r-release-windows-ix86+x86_64, r-oldrel-macos-x86_64, r-oldrel-windows-ix86+x86_64

Version: 3.3.1
Check: compiled code
Result: NOTE
    File ‘FRESA.CAD/libs/FRESA.CAD.so’:
     Found non-API call to R: ‘wilcox_free’
    
    Compiled code should not call non-API entry points in R.
    
    See ‘Writing portable packages’ in the ‘Writing R Extensions’ manual.
Flavors: r-release-macos-arm64, r-release-macos-x86_64, r-oldrel-macos-x86_64

Version: 3.3.1
Check: compiled code
Result: NOTE
    File 'FRESA.CAD/libs/i386/FRESA.CAD.dll':
     Found non-API call to R: 'wilcox_free'
    File 'FRESA.CAD/libs/x64/FRESA.CAD.dll':
     Found non-API call to R: 'wilcox_free'
    
    Compiled code should not call non-API entry points in R.
    
    See 'Writing portable packages' in the 'Writing R Extensions' manual.
Flavor: r-oldrel-windows-ix86+x86_64