Last updated on 2019-12-15 05:47:38 CET.
Flavor | Version | Tinstall | Tcheck | Ttotal | Status | Flags |
---|---|---|---|---|---|---|
r-devel-linux-x86_64-debian-clang | 1.2.7 | 9.93 | 56.85 | 66.78 | NOTE | |
r-devel-linux-x86_64-debian-gcc | 1.2.7 | 6.06 | 43.68 | 49.74 | NOTE | |
r-devel-linux-x86_64-fedora-clang | 1.2.7 | 79.83 | NOTE | |||
r-devel-linux-x86_64-fedora-gcc | 1.2.7 | 76.64 | NOTE | |||
r-devel-windows-ix86+x86_64 | 1.2.7 | 17.00 | 92.00 | 109.00 | OK | |
r-devel-windows-ix86+x86_64-gcc8 | 1.2.7 | 22.00 | 137.00 | 159.00 | OK | |
r-patched-linux-x86_64 | 1.2.7 | 8.08 | 51.43 | 59.51 | OK | |
r-patched-solaris-x86 | 1.2.7 | 98.50 | OK | |||
r-release-linux-x86_64 | 1.2.7 | 7.97 | 51.13 | 59.10 | OK | |
r-release-windows-ix86+x86_64 | 1.2.7 | 18.00 | 88.00 | 106.00 | OK | |
r-release-osx-x86_64 | 1.2.7 | OK | ||||
r-oldrel-windows-ix86+x86_64 | 1.2.7 | 14.00 | 75.00 | 89.00 | OK | |
r-oldrel-osx-x86_64 | 1.2.7 | OK |
Version: 1.2.7
Check: for non-standard things in the check directory
Result: NOTE
Found the following files/directories:
'Bogota.tex' 'DogBreeds1.tex'
Flavors: r-devel-linux-x86_64-debian-clang, r-devel-linux-x86_64-debian-gcc, r-devel-linux-x86_64-fedora-clang, r-devel-linux-x86_64-fedora-gcc