CRAN Package Check Results for Package FactoClass

Last updated on 2019-08-19 05:46:23 CEST.

Flavor Version Tinstall Tcheck Ttotal Status Flags
r-devel-linux-x86_64-debian-clang 1.2.7 7.42 52.94 60.36 NOTE
r-devel-linux-x86_64-debian-gcc 1.2.7 6.37 41.31 47.68 NOTE
r-devel-linux-x86_64-fedora-clang 1.2.7 72.96 NOTE
r-devel-linux-x86_64-fedora-gcc 1.2.7 70.78 NOTE
r-devel-windows-ix86+x86_64 1.2.7 31.00 137.00 168.00 OK
r-patched-linux-x86_64 1.2.7 7.00 51.79 58.79 OK
r-patched-solaris-x86 1.2.7 103.40 OK
r-release-linux-x86_64 1.2.7 7.77 51.47 59.24 OK
r-release-windows-ix86+x86_64 1.2.7 17.00 87.00 104.00 OK
r-release-osx-x86_64 1.2.7 OK
r-oldrel-windows-ix86+x86_64 1.2.7 17.00 120.00 137.00 OK
r-oldrel-osx-x86_64 1.2.7 OK

Check Details

Version: 1.2.7
Check: for non-standard things in the check directory
Result: NOTE
    Found the following files/directories:
     'Bogota.tex' 'DogBreeds1.tex'
Flavors: r-devel-linux-x86_64-debian-clang, r-devel-linux-x86_64-debian-gcc, r-devel-linux-x86_64-fedora-clang, r-devel-linux-x86_64-fedora-gcc