CRAN Package Check Results for Package Factoshiny

Last updated on 2022-01-26 05:54:15 CET.

Flavor Version Tinstall Tcheck Ttotal Status Flags
r-devel-linux-x86_64-debian-clang 2.4 11.48 96.88 108.36 OK
r-devel-linux-x86_64-debian-gcc 2.4 8.70 75.37 84.07 OK
r-devel-linux-x86_64-fedora-clang 2.4 132.07 OK
r-devel-linux-x86_64-fedora-gcc 2.4 119.53 OK
r-devel-windows-x86_64-new-UL 2.4 79.00 133.00 212.00 OK
r-devel-windows-x86_64-new-TK 2.4 ERROR
r-patched-linux-x86_64 2.4 16.19 90.25 106.44 OK
r-release-linux-x86_64 2.4 9.13 89.36 98.49 OK
r-release-macos-arm64 2.4 OK
r-release-macos-x86_64 2.4 OK
r-release-windows-ix86+x86_64 2.4 25.00 112.00 137.00 OK
r-oldrel-macos-x86_64 2.4 OK
r-oldrel-windows-ix86+x86_64 2.4 25.00 116.00 141.00 OK

Check Details

Version: 2.4
Check: package dependencies
Result: ERROR
    Packages required but not available:
     'FactoMineR', 'FactoInvestigate', 'missMDA'
    
    See section 'The DESCRIPTION file' in the 'Writing R Extensions'
    manual.
Flavor: r-devel-windows-x86_64-new-TK