CRAN Package Check Results for Package Familias

Last updated on 2019-10-23 05:46:27 CEST.

Flavor Version Tinstall Tcheck Ttotal Status Flags
r-devel-linux-x86_64-debian-clang 2.4 25.37 57.38 82.75 OK
r-devel-linux-x86_64-debian-gcc 2.4 17.62 45.32 62.94 OK
r-devel-linux-x86_64-fedora-clang 2.4 124.77 NOTE
r-devel-linux-x86_64-fedora-gcc 2.4 96.25 NOTE
r-devel-windows-ix86+x86_64 2.4 46.00 95.00 141.00 OK
r-patched-linux-x86_64 2.4 18.30 56.94 75.24 OK
r-patched-solaris-x86 2.4 157.00 OK
r-release-linux-x86_64 2.4 18.77 56.87 75.64 OK
r-release-windows-ix86+x86_64 2.4 69.00 99.00 168.00 OK
r-release-osx-x86_64 2.4 OK
r-oldrel-windows-ix86+x86_64 2.4 55.00 139.00 194.00 OK
r-oldrel-osx-x86_64 2.4 OK

Additional issues

clang-UBSAN gcc-UBSAN

Check Details

Version: 2.4
Check: compiled code
Result: NOTE
    File ‘Familias/libs/Familias.so’:
     Found no calls to: ‘R_registerRoutines’, ‘R_useDynamicSymbols’
    
    It is good practice to register native routines and to disable symbol
    search.
    
    See ‘Writing portable packages’ in the ‘Writing R Extensions’ manual.
Flavors: r-devel-linux-x86_64-fedora-clang, r-devel-linux-x86_64-fedora-gcc