CRAN Package Check Results for Package Familias

Last updated on 2019-07-16 05:48:12 CEST.

Flavor Version Tinstall Tcheck Ttotal Status Flags
r-devel-linux-x86_64-debian-clang 2.4 23.02 57.00 80.02 OK
r-devel-linux-x86_64-debian-gcc 2.4 17.42 46.61 64.03 OK
r-devel-linux-x86_64-fedora-clang 2.4 123.56 NOTE
r-devel-linux-x86_64-fedora-gcc 2.4 93.99 NOTE
r-devel-windows-ix86+x86_64 2.4 72.00 90.00 162.00 OK
r-patched-linux-x86_64 2.4 20.32 58.35 78.67 OK
r-patched-solaris-x86 2.4 166.70 OK
r-release-linux-x86_64 2.4 20.56 57.61 78.17 OK
r-release-windows-ix86+x86_64 2.4 49.00 143.00 192.00 OK
r-release-osx-x86_64 2.4 OK
r-oldrel-windows-ix86+x86_64 2.4 56.00 94.00 150.00 OK
r-oldrel-osx-x86_64 2.4 OK

Additional issues

clang-UBSAN

Check Details

Version: 2.4
Check: compiled code
Result: NOTE
    File ‘Familias/libs/Familias.so’:
     Found no calls to: ‘R_registerRoutines’, ‘R_useDynamicSymbols’
    
    It is good practice to register native routines and to disable symbol
    search.
    
    See ‘Writing portable packages’ in the ‘Writing R Extensions’ manual.
Flavors: r-devel-linux-x86_64-fedora-clang, r-devel-linux-x86_64-fedora-gcc