CRAN Package Check Results for Package FastHCS

Last updated on 2019-07-16 05:48:12 CEST.

Flavor Version Tinstall Tcheck Ttotal Status Flags
r-devel-linux-x86_64-debian-clang 0.0.6 38.30 25.66 63.96 NOTE
r-devel-linux-x86_64-debian-gcc 0.0.6 34.87 22.28 57.15 NOTE
r-devel-linux-x86_64-fedora-clang 0.0.6 91.90 NOTE
r-devel-linux-x86_64-fedora-gcc 0.0.6 89.57 NOTE
r-devel-windows-ix86+x86_64 0.0.6 78.00 59.00 137.00 OK
r-patched-linux-x86_64 0.0.6 39.93 27.21 67.14 NOTE
r-patched-solaris-x86 0.0.6 85.80 OK
r-release-linux-x86_64 0.0.6 42.50 27.15 69.65 NOTE
r-release-windows-ix86+x86_64 0.0.6 58.00 82.00 140.00 OK
r-release-osx-x86_64 0.0.6 NOTE
r-oldrel-windows-ix86+x86_64 0.0.6 77.00 67.00 144.00 OK
r-oldrel-osx-x86_64 0.0.6 NOTE

Check Details

Version: 0.0.6
Check: use of SHLIB_OPENMP_*FLAGS in Makefiles
Result: NOTE
     src/Makevars: SHLIB_OPENMP_CXXFLAGS is included in PKG_LIBS but not in PKG_CXXFLAGS
     src/Makevars: it is not portable to include SHLIB_OPENMP_*' macros in PKG_CPPFLAGS
    Use of these macros is discussed in sect 1.2.1.1 of 'Writing R
    Extensions'. The macros for different languages may differ so the
    matching macro must be used in PKG_CXXFLAGS (etc) and match that used
    in PKG_LIBS (except for Fortran: see the manual).
    PKG_CPPFLAGS is used for both C and C++ code so it is not portable to
    use it for these macros.
Flavors: r-devel-linux-x86_64-debian-clang, r-devel-linux-x86_64-debian-gcc, r-devel-linux-x86_64-fedora-clang, r-devel-linux-x86_64-fedora-gcc, r-patched-linux-x86_64, r-release-linux-x86_64

Version: 0.0.6
Check: installed package size
Result: NOTE
     installed size is 16.6Mb
     sub-directories of 1Mb or more:
     data 1.3Mb
     libs 15.2Mb
Flavors: r-devel-linux-x86_64-fedora-clang, r-release-osx-x86_64, r-oldrel-osx-x86_64