CRAN Package Check Results for Package FastRCS

Last updated on 2020-05-30 05:48:02 CEST.

Flavor Version Tinstall Tcheck Ttotal Status Flags
r-devel-linux-x86_64-debian-clang 0.0.8 39.84 23.88 63.72 OK
r-devel-linux-x86_64-debian-gcc 0.0.8 31.31 20.47 51.78 OK
r-devel-linux-x86_64-fedora-clang 0.0.8 83.41 NOTE
r-devel-linux-x86_64-fedora-gcc 0.0.8 80.77 OK
r-devel-windows-ix86+x86_64 0.0.8 71.00 117.00 188.00 OK
r-patched-linux-x86_64 0.0.8 35.78 25.99 61.77 OK
r-patched-solaris-x86 0.0.8 77.20 OK
r-release-linux-x86_64 0.0.8 35.90 25.66 61.56 OK
r-release-osx-x86_64 0.0.8 NOTE
r-release-windows-ix86+x86_64 0.0.8 54.00 73.00 127.00 OK
r-oldrel-osx-x86_64 0.0.8 NOTE
r-oldrel-windows-ix86+x86_64 0.0.8 68.00 75.00 143.00 OK

Check Details

Version: 0.0.8
Check: installed package size
Result: NOTE
     installed size is 18.1Mb
     sub-directories of 1Mb or more:
     libs 18.0Mb
Flavors: r-devel-linux-x86_64-fedora-clang, r-release-osx-x86_64, r-oldrel-osx-x86_64