CRAN Package Check Results for Package FastRCS

Last updated on 2019-10-19 05:47:19 CEST.

Flavor Version Tinstall Tcheck Ttotal Status Flags
r-devel-linux-x86_64-debian-clang 0.0.8 34.47 22.18 56.65 OK
r-devel-linux-x86_64-debian-gcc 0.0.8 32.00 19.16 51.16 OK
r-devel-linux-x86_64-fedora-clang 0.0.8 75.91 NOTE
r-devel-linux-x86_64-fedora-gcc 0.0.8 81.17 OK
r-devel-windows-ix86+x86_64 0.0.8 69.00 61.00 130.00 OK
r-patched-linux-x86_64 0.0.8 37.11 23.40 60.51 OK
r-patched-solaris-x86 0.0.8 75.80 OK
r-release-linux-x86_64 0.0.8 38.21 23.25 61.46 OK
r-release-windows-ix86+x86_64 0.0.8 48.00 87.00 135.00 OK
r-release-osx-x86_64 0.0.8 NOTE
r-oldrel-windows-ix86+x86_64 0.0.8 50.00 57.00 107.00 OK
r-oldrel-osx-x86_64 0.0.8 NOTE

Check Details

Version: 0.0.8
Check: installed package size
Result: NOTE
     installed size is 17.9Mb
     sub-directories of 1Mb or more:
     libs 17.8Mb
Flavors: r-devel-linux-x86_64-fedora-clang, r-release-osx-x86_64, r-oldrel-osx-x86_64