CRAN Package Check Results for Package FastRWeb

Last updated on 2022-01-21 05:52:08 CET.

Flavor Version Tinstall Tcheck Ttotal Status Flags
r-devel-linux-x86_64-debian-clang 1.2-0 NOTE
r-devel-linux-x86_64-debian-gcc 1.2-0 6.70 27.74 34.44 NOTE
r-devel-linux-x86_64-fedora-clang 1.2-0 58.49 NOTE
r-devel-linux-x86_64-fedora-gcc 1.2-0 45.49 NOTE
r-devel-windows-x86_64-new-UL 1.2-0 52.00 52.00 104.00 NOTE
r-devel-windows-x86_64-new-TK 1.2-0 WARN
r-patched-linux-x86_64 1.2-0 8.31 34.50 42.81 NOTE
r-release-linux-x86_64 1.2-0 6.96 33.91 40.87 NOTE
r-release-macos-arm64 1.2-0 NOTE
r-release-macos-x86_64 1.2-0 NOTE
r-release-windows-ix86+x86_64 1.2-0 23.00 53.00 76.00 NOTE
r-oldrel-macos-x86_64 1.2-0 NOTE
r-oldrel-windows-ix86+x86_64 1.2-0 34.00 38.00 72.00 NOTE

Check Details

Version: 1.2-0
Check: R code for possible problems
Result: NOTE
    .run: no visible binding for global variable 'init'
    .run: no visible global function definition for 'init'
    .run: no visible binding for global variable 'run'
    Undefined global functions or variables:
     init run
Flavors: r-devel-linux-x86_64-debian-clang, r-devel-linux-x86_64-debian-gcc, r-devel-linux-x86_64-fedora-clang, r-devel-linux-x86_64-fedora-gcc, r-devel-windows-x86_64-new-UL, r-devel-windows-x86_64-new-TK, r-patched-linux-x86_64, r-release-linux-x86_64, r-release-macos-arm64, r-release-macos-x86_64, r-release-windows-ix86+x86_64, r-oldrel-macos-x86_64, r-oldrel-windows-ix86+x86_64

Version: 1.2-0
Check: compiled code
Result: NOTE
    Note: information on .o files is not available
Flavors: r-devel-linux-x86_64-debian-clang, r-devel-linux-x86_64-debian-gcc, r-patched-linux-x86_64, r-release-linux-x86_64, r-release-macos-arm64, r-release-macos-x86_64, r-oldrel-macos-x86_64

Version: 1.2-0
Check: compiled code
Result: NOTE
    Note: information on .o files is not available
    File ‘FastRWeb/libs/null.so’:
     Found no calls to: ‘R_registerRoutines’, ‘R_useDynamicSymbols’
    
    It is good practice to register native routines and to disable symbol
    search.
    
    See ‘Writing portable packages’ in the ‘Writing R Extensions’ manual.
Flavors: r-devel-linux-x86_64-fedora-clang, r-devel-linux-x86_64-fedora-gcc

Version: 1.2-0
Check: installed package size
Result: NOTE
     installed size is 6.2Mb
     sub-directories of 1Mb or more:
     Rcgi 3.1Mb
     cgi-bin 2.9Mb
Flavors: r-devel-windows-x86_64-new-UL, r-release-windows-ix86+x86_64, r-oldrel-windows-ix86+x86_64

Version: 1.2-0
Check: for GNU extensions in Makefiles
Result: WARN
    Found the following file(s) containing GNU extensions:
     inst/Rcgi/Makefile
     src/Rcgi/Makefile
    Portable Makefiles do not use GNU extensions such as +=, :=, $(shell),
    $(wildcard), ifeq ... endif, .NOTPARALLEL See section 'Writing portable
    packages' in the 'Writing R Extensions' manual.
Flavor: r-devel-windows-x86_64-new-TK