Last updated on 2021-01-18 05:47:23 CET.
Flavor | Version | Tinstall | Tcheck | Ttotal | Status | Flags |
---|---|---|---|---|---|---|
r-devel-linux-x86_64-debian-clang | 0.99.5 | 158.38 | 34.29 | 192.67 | OK | |
r-devel-linux-x86_64-debian-gcc | 0.99.5 | 100.58 | 27.39 | 127.97 | OK | |
r-devel-linux-x86_64-fedora-clang | 0.99.5 | 279.46 | NOTE | |||
r-devel-linux-x86_64-fedora-gcc | 0.99.5 | 249.87 | OK | |||
r-devel-windows-ix86+x86_64 | 0.99.5 | 266.00 | 60.00 | 326.00 | OK | |
r-patched-linux-x86_64 | 0.99.5 | 122.38 | 32.91 | 155.29 | OK | |
r-patched-solaris-x86 | 0.99.5 | 221.80 | OK | |||
r-release-linux-x86_64 | 0.99.5 | 117.99 | 32.46 | 150.45 | OK | |
r-release-macos-x86_64 | 0.99.5 | OK | ||||
r-release-windows-ix86+x86_64 | 0.99.5 | 363.00 | 66.00 | 429.00 | OK | |
r-oldrel-macos-x86_64 | 0.99.5 | OK | ||||
r-oldrel-windows-ix86+x86_64 | 0.99.5 | 319.00 | 74.00 | 393.00 | OK |
Version: 0.99.5
Check: installed package size
Result: NOTE
installed size is 5.0Mb
sub-directories of 1Mb or more:
libs 4.8Mb
Flavor: r-devel-linux-x86_64-fedora-clang