CRAN Package Check Results for Package FiRE

Last updated on 2022-01-22 05:10:16 CET.

Flavor Version Tinstall Tcheck Ttotal Status Flags
r-devel-linux-x86_64-debian-clang 1.0.1 36.68 44.04 80.72 OK
r-devel-linux-x86_64-debian-gcc 1.0.1 27.11 34.52 61.63 OK
r-devel-linux-x86_64-fedora-clang 1.0.1 108.70 OK
r-devel-linux-x86_64-fedora-gcc 1.0.1 90.76 OK
r-devel-windows-x86_64-new-UL 1.0.1 55.00 81.00 136.00 OK
r-devel-windows-x86_64-new-TK 1.0.1 OK
r-patched-linux-x86_64 1.0.1 30.68 43.13 73.81 OK
r-release-linux-x86_64 1.0.1 30.03 43.24 73.27 OK
r-release-macos-arm64 1.0.1 NOTE
r-release-macos-x86_64 1.0.1 OK
r-release-windows-ix86+x86_64 1.0.1 75.00 84.00 159.00 OK
r-oldrel-macos-x86_64 1.0.1 OK
r-oldrel-windows-ix86+x86_64 1.0.1 73.00 81.00 154.00 OK

Check Details

Version: 1.0.1
Check: installed package size
Result: NOTE
     installed size is 5.2Mb
     sub-directories of 1Mb or more:
     data 2.1Mb
     libs 3.0Mb
Flavor: r-release-macos-arm64