CRAN Package Check Results for Package FieldSim

Last updated on 2021-12-06 05:53:09 CET.

Flavor Version Tinstall Tcheck Ttotal Status Flags
r-devel-linux-x86_64-debian-clang 3.2.1 7.11 64.93 72.04 NOTE
r-devel-linux-x86_64-debian-gcc 3.2.1 5.31 47.76 53.07 NOTE
r-devel-linux-x86_64-fedora-clang 3.2.1 85.97 NOTE
r-devel-linux-x86_64-fedora-gcc 3.2.1 73.32 NOTE
r-devel-windows-x86_64-new-UL 3.2.1 15.00 91.00 106.00 NOTE
r-devel-windows-x86_64-new-TK 3.2.1 NOTE
r-devel-windows-x86_64-old 3.2.1 11.00 57.00 68.00 NOTE
r-patched-linux-x86_64 3.2.1 7.48 53.89 61.37 NOTE
r-release-linux-x86_64 3.2.1 6.94 61.79 68.73 NOTE
r-release-macos-arm64 3.2.1 NOTE
r-release-macos-x86_64 3.2.1 NOTE
r-release-windows-ix86+x86_64 3.2.1 14.00 75.00 89.00 NOTE
r-oldrel-macos-x86_64 3.2.1 NOTE
r-oldrel-windows-ix86+x86_64 3.2.1 13.00 78.00 91.00 NOTE

Check Details

Version: 3.2.1
Check: R code for possible problems
Result: NOTE
    fieldsim: no visible global function definition for 'rnorm'
    midpoint: no visible global function definition for 'rnorm'
    setAtlas_under: no visible global function definition for 'runif'
    setCovf_under : Ibeta: no visible global function definition for
     'pbeta'
    visualize: no visible global function definition for 'colorRampPalette'
    Undefined global functions or variables:
     colorRampPalette pbeta rnorm runif
    Consider adding
     importFrom("grDevices", "colorRampPalette")
     importFrom("stats", "pbeta", "rnorm", "runif")
    to your NAMESPACE file.
Flavors: r-devel-linux-x86_64-debian-clang, r-devel-linux-x86_64-debian-gcc, r-devel-linux-x86_64-fedora-clang, r-devel-linux-x86_64-fedora-gcc, r-devel-windows-x86_64-new-UL, r-devel-windows-x86_64-new-TK, r-devel-windows-x86_64-old, r-patched-linux-x86_64, r-release-linux-x86_64, r-release-macos-arm64, r-release-macos-x86_64, r-release-windows-ix86+x86_64, r-oldrel-macos-x86_64, r-oldrel-windows-ix86+x86_64