CRAN Package Check Results for Package FieldSim

Last updated on 2019-08-19 05:46:23 CEST.

Flavor Version Tinstall Tcheck Ttotal Status Flags
r-devel-linux-x86_64-debian-clang 3.2.1 7.08 49.17 56.25 NOTE
r-devel-linux-x86_64-debian-gcc 3.2.1 4.80 36.19 40.99 NOTE
r-devel-linux-x86_64-fedora-clang 3.2.1 64.45 NOTE
r-devel-linux-x86_64-fedora-gcc 3.2.1 62.67 NOTE
r-devel-windows-ix86+x86_64 3.2.1 23.00 89.00 112.00 NOTE
r-patched-linux-x86_64 3.2.1 5.06 47.45 52.51 NOTE
r-patched-solaris-x86 3.2.1 99.30 NOTE
r-release-linux-x86_64 3.2.1 4.75 48.50 53.25 NOTE
r-release-windows-ix86+x86_64 3.2.1 10.00 63.00 73.00 NOTE
r-release-osx-x86_64 3.2.1 WARN
r-oldrel-windows-ix86+x86_64 3.2.1 11.00 82.00 93.00 NOTE
r-oldrel-osx-x86_64 3.2.1 NOTE

Check Details

Version: 3.2.1
Check: R code for possible problems
Result: NOTE
    fieldsim: no visible global function definition for 'rnorm'
    midpoint: no visible global function definition for 'rnorm'
    setAtlas_under: no visible global function definition for 'runif'
    setCovf_under : Ibeta: no visible global function definition for
     'pbeta'
    visualize: no visible global function definition for 'colorRampPalette'
    Undefined global functions or variables:
     colorRampPalette pbeta rnorm runif
    Consider adding
     importFrom("grDevices", "colorRampPalette")
     importFrom("stats", "pbeta", "rnorm", "runif")
    to your NAMESPACE file.
Flavors: r-devel-linux-x86_64-debian-clang, r-devel-linux-x86_64-debian-gcc, r-devel-linux-x86_64-fedora-clang, r-devel-linux-x86_64-fedora-gcc, r-devel-windows-ix86+x86_64, r-patched-linux-x86_64, r-patched-solaris-x86, r-release-linux-x86_64, r-release-windows-ix86+x86_64, r-release-osx-x86_64, r-oldrel-windows-ix86+x86_64, r-oldrel-osx-x86_64

Version: 3.2.1
Check: whether package can be installed
Result: WARN
    Found the following significant warnings:
     Warning: 'rgl_init' failed, running with rgl.useNULL = TRUE
Flavor: r-release-osx-x86_64