CRAN Package Check Results for Package FieldSim

Last updated on 2019-12-15 05:47:38 CET.

Flavor Version Tinstall Tcheck Ttotal Status Flags
r-devel-linux-x86_64-debian-clang 3.2.1 7.16 54.29 61.45 NOTE
r-devel-linux-x86_64-debian-gcc 3.2.1 5.62 39.64 45.26 NOTE
r-devel-linux-x86_64-fedora-clang 3.2.1 73.30 NOTE
r-devel-linux-x86_64-fedora-gcc 3.2.1 68.31 NOTE
r-devel-windows-ix86+x86_64 3.2.1 16.00 75.00 91.00 NOTE
r-devel-windows-ix86+x86_64-gcc8 3.2.1 16.00 106.00 122.00 NOTE
r-patched-linux-x86_64 3.2.1 6.14 48.05 54.19 NOTE
r-patched-solaris-x86 3.2.1 93.00 NOTE
r-release-linux-x86_64 3.2.1 5.62 47.41 53.03 NOTE
r-release-windows-ix86+x86_64 3.2.1 12.00 71.00 83.00 NOTE
r-release-osx-x86_64 3.2.1 WARN
r-oldrel-windows-ix86+x86_64 3.2.1 8.00 63.00 71.00 NOTE
r-oldrel-osx-x86_64 3.2.1 NOTE

Check Details

Version: 3.2.1
Check: R code for possible problems
Result: NOTE
    fieldsim: no visible global function definition for 'rnorm'
    midpoint: no visible global function definition for 'rnorm'
    setAtlas_under: no visible global function definition for 'runif'
    setCovf_under : Ibeta: no visible global function definition for
     'pbeta'
    visualize: no visible global function definition for 'colorRampPalette'
    Undefined global functions or variables:
     colorRampPalette pbeta rnorm runif
    Consider adding
     importFrom("grDevices", "colorRampPalette")
     importFrom("stats", "pbeta", "rnorm", "runif")
    to your NAMESPACE file.
Flavors: r-devel-linux-x86_64-debian-clang, r-devel-linux-x86_64-debian-gcc, r-devel-linux-x86_64-fedora-clang, r-devel-linux-x86_64-fedora-gcc, r-devel-windows-ix86+x86_64, r-devel-windows-ix86+x86_64-gcc8, r-patched-linux-x86_64, r-patched-solaris-x86, r-release-linux-x86_64, r-release-windows-ix86+x86_64, r-release-osx-x86_64, r-oldrel-windows-ix86+x86_64, r-oldrel-osx-x86_64

Version: 3.2.1
Check: whether package can be installed
Result: WARN
    Found the following significant warnings:
     Warning: 'rgl_init' failed, running with rgl.useNULL = TRUE
Flavor: r-release-osx-x86_64