CRAN Package Check Results for Package FitUltD

Last updated on 2024-06-23 06:56:32 CEST.

Flavor Version Tinstall Tcheck Ttotal Status Flags
r-devel-linux-x86_64-debian-clang 3.1.0 11.29 98.52 109.81 NOTE
r-devel-linux-x86_64-debian-gcc 3.1.0 8.02 71.88 79.90 NOTE
r-devel-linux-x86_64-fedora-clang 3.1.0 131.06 NOTE
r-devel-linux-x86_64-fedora-gcc 3.1.0 125.55 NOTE
r-devel-windows-x86_64 3.1.0 9.00 81.00 90.00 NOTE
r-patched-linux-x86_64 3.1.0 10.05 90.81 100.86 NOTE
r-release-linux-x86_64 3.1.0 9.90 89.42 99.32 NOTE
r-release-macos-arm64 3.1.0 38.00 NOTE
r-release-macos-x86_64 3.1.0 81.00 NOTE
r-release-windows-x86_64 3.1.0 10.00 81.00 91.00 NOTE
r-oldrel-macos-arm64 3.1.0 42.00 NOTE
r-oldrel-macos-x86_64 3.1.0 66.00 NOTE
r-oldrel-windows-x86_64 3.1.0 14.00 100.00 114.00 NOTE

Check Details

Version: 3.1.0
Check: LazyData
Result: NOTE 'LazyData' is specified without a 'data' directory Flavors: r-devel-linux-x86_64-debian-clang, r-devel-linux-x86_64-debian-gcc, r-devel-linux-x86_64-fedora-clang, r-devel-linux-x86_64-fedora-gcc, r-devel-windows-x86_64, r-patched-linux-x86_64, r-release-linux-x86_64, r-release-macos-arm64, r-release-macos-x86_64, r-release-windows-x86_64, r-oldrel-macos-arm64, r-oldrel-macos-x86_64, r-oldrel-windows-x86_64