CRAN Package Check Results for Package FlickrAPI

Last updated on 2024-06-13 06:58:01 CEST.

Flavor Version Tinstall Tcheck Ttotal Status Flags
r-devel-linux-x86_64-debian-clang 0.1.0.1 4.82 44.96 49.78 OK
r-devel-linux-x86_64-debian-gcc 0.1.0.1 0.39 1.83 2.22 ERROR
r-devel-linux-x86_64-fedora-clang 0.1.0.1 64.05 OK
r-devel-linux-x86_64-fedora-gcc 0.1.0.1 74.02 OK
r-devel-windows-x86_64 0.1.0.1 5.00 53.00 58.00 OK
r-patched-linux-x86_64 0.1.0.1 4.27 43.89 48.16 OK
r-release-linux-x86_64 0.1.0.1 3.63 42.12 45.75 OK
r-release-macos-arm64 0.1.0.1 28.00 OK
r-release-macos-x86_64 0.1.0.1 70.00 OK
r-release-windows-x86_64 0.1.0.1 5.00 53.00 58.00 OK
r-oldrel-macos-arm64 0.1.0.1 28.00 OK
r-oldrel-macos-x86_64 0.1.0.1 42.00 OK
r-oldrel-windows-x86_64 0.1.0.1 7.00 59.00 66.00 OK

Check Details

Version: 0.1.0.1
Check: package dependencies
Result: ERROR Packages required but not available: 'httr2', 'janitor' See section ‘The DESCRIPTION file’ in the ‘Writing R Extensions’ manual. Flavor: r-devel-linux-x86_64-debian-gcc