Last updated on 2023-01-27 05:53:02 CET.
Flavor | Version | Tinstall | Tcheck | Ttotal | Status | Flags |
---|---|---|---|---|---|---|
r-devel-linux-x86_64-debian-clang | 1.0.1 | 10.53 | 87.79 | 98.32 | NOTE | |
r-devel-linux-x86_64-debian-gcc | 1.0.1 | 7.06 | 65.13 | 72.19 | NOTE | |
r-devel-linux-x86_64-fedora-clang | 1.0.1 | 122.61 | NOTE | |||
r-devel-linux-x86_64-fedora-gcc | 1.0.1 | 154.66 | NOTE | |||
r-devel-windows-x86_64 | 1.0.1 | 24.00 | 109.00 | 133.00 | NOTE | |
r-patched-linux-x86_64 | 1.0.1 | 10.11 | 85.01 | 95.12 | NOTE | |
r-release-linux-x86_64 | 1.0.1 | 7.40 | 109.29 | 116.69 | NOTE | |
r-release-macos-arm64 | 1.0.1 | 48.00 | NOTE | |||
r-release-macos-x86_64 | 1.0.1 | 91.00 | NOTE | |||
r-release-windows-x86_64 | 1.0.1 | 22.00 | 137.00 | 159.00 | NOTE | |
r-oldrel-macos-arm64 | 1.0.1 | 68.00 | NOTE | |||
r-oldrel-macos-x86_64 | 1.0.1 | 75.00 | NOTE | |||
r-oldrel-windows-ix86+x86_64 | 1.0.1 | 34.00 | 111.00 | 145.00 | NOTE |
Version: 1.0.1
Check: LazyData
Result: NOTE
'LazyData' is specified without a 'data' directory
Flavors: r-devel-linux-x86_64-debian-clang, r-devel-linux-x86_64-debian-gcc, r-devel-linux-x86_64-fedora-clang, r-devel-linux-x86_64-fedora-gcc, r-devel-windows-x86_64, r-patched-linux-x86_64, r-release-linux-x86_64, r-release-macos-arm64, r-release-macos-x86_64, r-release-windows-x86_64, r-oldrel-macos-arm64, r-oldrel-macos-x86_64, r-oldrel-windows-ix86+x86_64
Version: 1.0.1
Check: dependencies in R code
Result: NOTE
Namespace in Imports field not imported from: ‘decomposedPSF’
All declared Imports should be used.
Flavors: r-devel-linux-x86_64-fedora-clang, r-devel-linux-x86_64-fedora-gcc, r-release-macos-arm64, r-release-macos-x86_64, r-oldrel-macos-arm64, r-oldrel-macos-x86_64