CRAN Package Check Results for Package FuncNN

Last updated on 2022-01-23 05:57:52 CET.

Flavor Version Tinstall Tcheck Ttotal Status Flags
r-devel-linux-x86_64-debian-clang 1.0 15.58 149.13 164.71 OK
r-devel-linux-x86_64-debian-gcc 1.0 16.32 126.67 142.99 OK
r-devel-linux-x86_64-fedora-clang 1.0 204.75 NOTE
r-devel-linux-x86_64-fedora-gcc 1.0 186.48 NOTE
r-devel-windows-x86_64-new-UL 1.0 29.00 166.00 195.00 OK
r-devel-windows-x86_64-new-TK 1.0 ERROR
r-patched-linux-x86_64 1.0 15.31 141.68 156.99 OK
r-release-linux-x86_64 1.0 17.13 141.30 158.43 OK
r-release-macos-arm64 1.0 NOTE
r-release-macos-x86_64 1.0 NOTE
r-release-windows-ix86+x86_64 1.0 41.00 161.00 202.00 OK
r-oldrel-macos-x86_64 1.0 NOTE
r-oldrel-windows-ix86+x86_64 1.0 43.00 165.00 208.00 OK

Check Details

Version: 1.0
Check: dependencies in R code
Result: NOTE
    Namespace in Imports field not imported from: ‘foreach’
     All declared Imports should be used.
Flavors: r-devel-linux-x86_64-fedora-clang, r-devel-linux-x86_64-fedora-gcc, r-release-macos-arm64, r-release-macos-x86_64, r-oldrel-macos-x86_64

Version: 1.0
Check: package dependencies
Result: ERROR
    Package required but not available: 'ggpubr'
    
    See section 'The DESCRIPTION file' in the 'Writing R Extensions'
    manual.
Flavor: r-devel-windows-x86_64-new-TK