CRAN Package Check Results for Package GA

Last updated on 2019-10-15 05:47:46 CEST.

Flavor Version Tinstall Tcheck Ttotal Status Flags
r-devel-linux-x86_64-debian-clang 3.2 49.14 69.45 118.59 OK
r-devel-linux-x86_64-debian-gcc 3.2 37.09 52.40 89.49 OK
r-devel-linux-x86_64-fedora-clang 3.2 148.32 NOTE
r-devel-linux-x86_64-fedora-gcc 3.2 148.79 OK
r-devel-windows-ix86+x86_64 3.2 71.00 96.00 167.00 OK
r-patched-linux-x86_64 3.2 38.29 68.13 106.42 OK
r-patched-solaris-x86 3.2 161.20 OK
r-release-linux-x86_64 3.2 36.89 69.10 105.99 OK
r-release-windows-ix86+x86_64 3.2 105.00 144.00 249.00 OK
r-release-osx-x86_64 3.2 NOTE
r-oldrel-windows-ix86+x86_64 3.2 66.00 100.00 166.00 OK
r-oldrel-osx-x86_64 3.2 NOTE

Check Details

Version: 3.2
Check: installed package size
Result: NOTE
     installed size is 6.0Mb
     sub-directories of 1Mb or more:
     doc 1.7Mb
     libs 3.8Mb
Flavors: r-devel-linux-x86_64-fedora-clang, r-release-osx-x86_64, r-oldrel-osx-x86_64