CRAN Package Check Results for Package GA

Last updated on 2019-07-16 05:48:13 CEST.

Flavor Version Tinstall Tcheck Ttotal Status Flags
r-devel-linux-x86_64-debian-clang 3.2 37.86 68.84 106.70 OK
r-devel-linux-x86_64-debian-gcc 3.2 32.46 53.28 85.74 OK
r-devel-linux-x86_64-fedora-clang 3.2 135.37 NOTE
r-devel-linux-x86_64-fedora-gcc 3.2 143.32 OK
r-devel-windows-ix86+x86_64 3.2 112.00 144.00 256.00 OK
r-patched-linux-x86_64 3.2 38.97 68.59 107.56 OK
r-patched-solaris-x86 3.2 168.30 OK
r-release-linux-x86_64 3.2 39.35 68.81 108.16 OK
r-release-windows-ix86+x86_64 3.2 76.00 139.00 215.00 OK
r-release-osx-x86_64 3.2 NOTE
r-oldrel-windows-ix86+x86_64 3.2 101.00 141.00 242.00 OK
r-oldrel-osx-x86_64 3.2 NOTE

Check Details

Version: 3.2
Check: installed package size
Result: NOTE
     installed size is 5.6Mb
     sub-directories of 1Mb or more:
     doc 1.7Mb
     libs 3.3Mb
Flavors: r-devel-linux-x86_64-fedora-clang, r-release-osx-x86_64, r-oldrel-osx-x86_64