Last updated on 2021-01-23 05:47:03 CET.
Flavor | Version | Tinstall | Tcheck | Ttotal | Status | Flags |
---|---|---|---|---|---|---|
r-devel-linux-x86_64-debian-clang | 2.8.0 | 256.12 | 108.78 | 364.90 | OK | |
r-devel-linux-x86_64-debian-gcc | 2.8.0 | 172.01 | 79.61 | 251.62 | OK | |
r-devel-linux-x86_64-fedora-clang | 2.8.0 | 505.17 | NOTE | |||
r-devel-linux-x86_64-fedora-gcc | 2.8.0 | 476.99 | OK | |||
r-devel-windows-ix86+x86_64 | 2.8.0 | 583.00 | 176.00 | 759.00 | OK | |
r-patched-linux-x86_64 | 2.8.0 | 201.08 | 98.56 | 299.64 | OK | |
r-patched-solaris-x86 | 2.8.0 | 422.40 | OK | |||
r-release-linux-x86_64 | 2.8.0 | 203.14 | 96.90 | 300.04 | OK | |
r-release-macos-x86_64 | 2.8.0 | NOTE | ||||
r-release-windows-ix86+x86_64 | 2.8.0 | 496.00 | 170.00 | 666.00 | OK | |
r-oldrel-macos-x86_64 | 2.8.0 | NOTE | ||||
r-oldrel-windows-ix86+x86_64 | 2.8.0 | 390.00 | 118.00 | 508.00 | OK |
Version: 2.8.0
Check: installed package size
Result: NOTE
installed size is 14.9Mb
sub-directories of 1Mb or more:
libs 13.9Mb
Flavors: r-devel-linux-x86_64-fedora-clang, r-release-macos-x86_64, r-oldrel-macos-x86_64